{"id":29,"date":"2014-11-05T16:19:17","date_gmt":"2014-11-05T15:19:17","guid":{"rendered":"http:\/\/www.oliosanfilippo.com\/?page_id=29"},"modified":"2022-10-19T15:56:22","modified_gmt":"2022-10-19T13:56:22","slug":"privacy","status":"publish","type":"page","link":"http:\/\/www.oliosanfilippo.com\/de\/privacy\/","title":{"rendered":"Datenschutz"},"content":{"rendered":"<div data-elementor-type=\"wp-page\" data-elementor-id=\"29\" class=\"elementor elementor-29\" data-elementor-post-type=\"page\">\n\t\t\t\t\t\t<section data-particle_enable=\"false\" data-particle-mobile-disabled=\"false\" class=\"elementor-section elementor-top-section elementor-element elementor-element-5dfd1dae elementor-section-boxed elementor-section-height-default elementor-section-height-default\" data-id=\"5dfd1dae\" data-element_type=\"section\" data-e-type=\"section\">\n\t\t\t\t\t\t<div class=\"elementor-container elementor-column-gap-default\">\n\t\t\t\t\t<div class=\"elementor-column elementor-col-100 elementor-top-column elementor-element elementor-element-162967d0\" data-id=\"162967d0\" data-element_type=\"column\" data-e-type=\"column\">\n\t\t\t<div class=\"elementor-widget-wrap elementor-element-populated\">\n\t\t\t\t\t\t<div class=\"elementor-element elementor-element-58bfcb4b elementor-widget elementor-widget-text-editor\" data-id=\"58bfcb4b\" data-element_type=\"widget\" data-e-type=\"widget\" data-widget_type=\"text-editor.default\">\n\t\t\t\t<div class=\"elementor-widget-container\">\n\t\t\t\t\t\t\t\t\t\n<h1 style=\"font-size: 50px; text-align: center;\">DATENSCHUTZPOLITIK<\/h1><p style=\"text-align: justify;\"><strong>Objekt<\/strong>Information \u00fcber die Verarbeitung Ihrer pers\u00f6nlichen Daten gem\u00e4\u00df Artikel 13 des Gesetzesdekrets 196\/2003, das den Kodex zum Schutz personenbezogener Daten enth\u00e4lt, und Bitte um Ihre Zustimmung zur Verarbeitung bestimmter Daten.<\/p>\n<p style=\"text-align: justify;\">1. Mit der Gesetzesverordnung 196\/2003 wurde das Gesetz zum Schutz personenbezogener Daten eingef\u00fchrt. In \u00dcbereinstimmung mit den Bestimmungen dieses Kodex beruht die Verarbeitung personenbezogener Daten durch unsere Organisation auf den Grunds\u00e4tzen der Korrektheit, Rechtm\u00e4\u00dfigkeit und Transparenz sowie auf dem Schutz der Vertraulichkeit und der Rechte der Personen, auf die sich die Daten beziehen.<\/p>\n<p style=\"text-align: justify;\">2. In diesem Zusammenhang stellen wir Ihnen die in Artikel 13 des Gesetzesdekrets 196\/2003 vorgesehenen Informationen zur Verf\u00fcgung und bitten Sie, Ihre Zustimmung zur Verarbeitung der nachstehend aufgef\u00fchrten personenbezogenen Daten zu folgenden Zwecken zu erteilen: zur Verwaltung Ihrer Informations- und\/oder Buchungsanfrage, um Ihnen die entsprechenden Informationen zukommen zu lassen.<\/p>\n<p style=\"text-align: justify;\">3. Die Angabe Ihrer Daten ist f\u00fcr die Erreichung der oben genannten Zwecke obligatorisch; die Nichtangabe Ihrer Daten oder die Angabe unvollst\u00e4ndiger oder falscher Daten kann dazu f\u00fchren, dass wir Ihnen die gew\u00fcnschten Dienstleistungen nicht erbringen k\u00f6nnen.<\/p>\n<p style=\"text-align: justify;\">4. Wenn Sie Ihre Zustimmung gegeben haben und bis Sie diese widerrufen, werden Ihre personenbezogenen Daten auch f\u00fcr die folgenden zus\u00e4tzlichen Zwecke verarbeitet:<\/p>\n<p style=\"padding-left: 30px; text-align: justify;\">a. Durchf\u00fchrung von Studien, statistischen Untersuchungen und Marktforschung;\nb. per Post, E-Mail und\/oder Telefon Werbung, Informationen und kommerzielles Informationsmaterial zu versenden;\nc. direkte und indirekte Verkaufs- und Vermittlungst\u00e4tigkeiten durchf\u00fchren\nd. Durchf\u00fchrung interaktiver kommerzieller Kommunikation; e. Durchf\u00fchrung von Umfragen zur Kundenzufriedenheit \u00fcber die Qualit\u00e4t der erbrachten Dienstleistungen (auch durch Dritte).<\/p>\n<p style=\"text-align: justify;\">Sie k\u00f6nnen Ihre zu diesen Zwecken erteilte Einwilligung jederzeit widerrufen, indem Sie sich an die unter Punkt 10 genannte verantwortliche Person wenden. Die Zustimmung zur Verarbeitung und zu den in diesem Punkt 4 genannten Zwecken ist nicht zwingend erforderlich; wenn Sie sich weigern, werden Ihre Daten nur f\u00fcr die in Punkt 2 genannten Zwecke verarbeitet.<\/p>\n<p style=\"text-align: justify;\">5. Als Kunden oder potenzielle Kunden sind die zu verarbeitenden Daten im Allgemeinen allgemeiner Natur, da sie im Wesentlichen aus Elementen der pers\u00f6nlichen Identifizierung bestehen. F\u00fcr den Fall, dass Sie in den Feldern, die keine spezifische Angabe vorsehen, Daten angeben, die gem\u00e4\u00df Art. 4 Buchstabe d) Gesetzesdekret 196\/2003 sensibler Natur und als solche besonders sch\u00fctzenswert sind, informieren wir Sie, dass diese Daten von uns innerhalb der vom Datenschutzgesetz vorgesehenen Grenzen verarbeitet werden. Wir erinnern daran, dass Artikel 4 Buchstabe d) des Gesetzesdekrets 196\/2003 \"sensible Daten\" im Allgemeinen als personenbezogene Daten definiert, \"aus denen die rassische oder ethnische Herkunft, religi\u00f6se, philosophische oder sonstige \u00dcberzeugungen, politische Meinungen, die Zugeh\u00f6rigkeit zu Parteien, Gewerkschaften, Verb\u00e4nden oder Organisationen mit religi\u00f6sem, philosophischem, politischem oder gewerkschaftlichem Charakter hervorgehen k\u00f6nnen, sowie personenbezogene Daten, die Aufschluss \u00fcber Gesundheit und Sexualleben geben\".<\/p>\n<p style=\"text-align: justify;\">6. Die erhobenen Daten werden auf Papier und\/oder elektronisch und in jedem Fall gem\u00e4\u00df den einschl\u00e4gigen Vorschriften verarbeitet.<\/p>\n7. Wir weisen darauf hin, dass unsere Organisation die notwendigen organisatorischen, physischen und logischen Ma\u00dfnahmen ergreift, um die Sicherheit der Daten zu gew\u00e4hrleisten, wobei wir uns insbesondere auf die Bestimmungen des Anhangs B des Pr\u00e4sidialdekrets 196\/2003 beziehen. Technische Vorschriften \u00fcber Mindestsicherheitsma\u00dfnahmen.\n\n8. Neben den Mitarbeitern des Unternehmens kann ein Teil der Verarbeitung Ihrer personenbezogenen Daten auch von Dritten mit Sitz in Italien und\/oder im Ausland durchgef\u00fchrt werden, denen unsere Organisation bestimmte T\u00e4tigkeiten (oder einen Teil davon) anvertraut, die f\u00fcr die Erbringung der oben genannten Dienstleistungen erforderlich sind. In diesem Fall fungieren dieselben Personen als eigenst\u00e4ndige Inhaber der Datenverarbeitung oder werden als Datenverarbeiter oder Verantwortliche f\u00fcr die Verarbeitung benannt. Die benannten Auftragsverarbeiter und Beauftragten erhalten angemessene Betriebsanweisungen, die insbesondere die Anwendung von Mindestsicherheitsma\u00dfnahmen vorsehen, um die Vertraulichkeit und Sicherheit der Daten gew\u00e4hrleisten zu k\u00f6nnen. Die oben genannten Dritten geh\u00f6ren im Wesentlichen zu den folgenden Kategorien: Inkassounternehmen, Unternehmen, die Verkehrsdaten f\u00fcr die Rechnungsstellung verarbeiten, Unternehmen, die f\u00fcr den Druck und die Versendung von Rechnungen an Kunden zust\u00e4ndig sind, Beratungsunternehmen, Kredit\u00fcbertragungsunternehmen, Agenten und Vermittler, Franchisenehmer, Anbieter von technischen Dienstleistungen, Anbieter von Inhalten.\n\n9. Nachstehend geben wir den Auszug aus Artikel 7 des Gesetzesdekrets 196\/2003 wieder, um Sie daran zu erinnern, dass Sie uns gegen\u00fcber die folgenden Rechte aus\u00fcben k\u00f6nnen:\n<p style=\"text-align: justify; padding-left: 30px;\">a. eine Best\u00e4tigung \u00fcber das Vorhandensein der Sie betreffenden personenbezogenen Daten zu erhalten, auch wenn diese noch nicht registriert sind, und deren Mitteilung in verst\u00e4ndlicher Form\nb. die Herkunft der personenbezogenen Daten sowie die Zwecke und Modalit\u00e4ten der Verarbeitung zu erfahren\nc. einen Hinweis auf die Logik zu erhalten, die bei der mit Hilfe von elektronischen Instrumenten durchgef\u00fchrten Verarbeitung angewandt wird\nd. \u00fcber die Identit\u00e4t des f\u00fcr die Datenverarbeitung Verantwortlichen und der Datenverarbeiter informiert zu werden\ne. Informationen \u00fcber die Personen oder Kategorien von Personen zu erhalten, denen die personenbezogenen Daten mitgeteilt werden k\u00f6nnen oder die in ihrer Eigenschaft als benannte Vertreter im Staatsgebiet, als Verantwortliche oder Beauftragte davon Kenntnis erhalten k\u00f6nnen\nf. die Aktualisierung, die Berichtigung oder, falls interessiert, die Erg\u00e4nzung der Daten zu erwirken\ng. die L\u00f6schung, Umwandlung in anonyme Form oder Sperrung von Daten zu erwirken, die unter Verletzung des Gesetzes verarbeitet wurden\nh. die L\u00f6schung, Umwandlung in anonyme Form oder Sperrung von Daten zu erwirken, deren Speicherung im Hinblick auf die Zwecke, f\u00fcr die sie erhoben oder sp\u00e4ter verarbeitet wurden, nicht erforderlich ist\ni. eine Bescheinigung dar\u00fcber zu erhalten, dass die Aktualisierung, die Berichtigung, die Erg\u00e4nzung, die L\u00f6schung, die Anonymisierung oder die Sperrung der Daten auch in Bezug auf ihren Inhalt denjenigen mitgeteilt wurden, denen die Daten mitgeteilt oder verbreitet wurden, es sei denn, dies erweist sich als unm\u00f6glich oder ist mit einem Aufwand verbunden, der in keinem Verh\u00e4ltnis zu dem zu sch\u00fctzenden Recht steht\nj. sich aus berechtigten Gr\u00fcnden ganz oder teilweise der Verarbeitung Ihrer personenbezogenen Daten zu widersetzen, auch wenn diese dem Zweck der Erhebung entsprechen\nk. der Verarbeitung personenbezogener Daten, die sie betreffen, ganz oder teilweise zu widersprechen, wenn diese Verarbeitung zum Zwecke des Versands von Werbematerial oder des Direktverkaufs, zur Markt- oder Meinungsforschung oder zur Handelsinformation erfolgt.<\/p>\n<p style=\"text-align: justify;\">10. Um diese Rechte auszu\u00fcben, wenden Sie sich bitte an den f\u00fcr die Datenverarbeitung Verantwortlichen: <strong>Sanfilippo Daniele<\/strong> (<strong><em>Frantoio Oleario Di Sanfilippo Daniele<\/em><\/strong>), C.da San Pietro, 90030 Castronovo di Sicilia (PA).<\/p>\t\t\t\t\t\t\t\t<\/div>\n\t\t\t\t<\/div>\n\t\t\t\t\t<\/div>\n\t\t<\/div>\n\t\t\t\t\t<\/div>\n\t\t<\/section>\n\t\t\t\t<\/div>","protected":false},"excerpt":{"rendered":"<p>DATENSCHUTZPOLITIK Gegenstand: Information \u00fcber die Verarbeitung Ihrer pers\u00f6nlichen Daten gem\u00e4\u00df Art. 13 des Gesetzesdekrets 196\/2003, das den Kodex zum Schutz der pers\u00f6nlichen Daten enth\u00e4lt, und Bitte um Ihre Zustimmung zur Verarbeitung bestimmter Daten. Mit dem Gesetzesdekret 196\/2003 wurde der Kodex zum Schutz personenbezogener Daten eingef\u00fchrt. In \u00dcbereinstimmung mit...<\/p>","protected":false},"author":26,"featured_media":0,"parent":0,"menu_order":0,"comment_status":"closed","ping_status":"closed","template":"elementor_header_footer","meta":{"_surecart_dashboard_logo_width":"180px","_surecart_dashboard_show_logo":true,"_surecart_dashboard_navigation_orders":true,"_surecart_dashboard_navigation_invoices":true,"_surecart_dashboard_navigation_subscriptions":true,"_surecart_dashboard_navigation_downloads":true,"_surecart_dashboard_navigation_billing":true,"_surecart_dashboard_navigation_account":true,"inline_featured_image":false,"_kad_post_transparent":"disable","_kad_post_title":"","_kad_post_layout":"","_kad_post_sidebar_id":"","_kad_post_content_style":"","_kad_post_vertical_padding":"","_kad_post_feature":"","_kad_post_feature_position":"","_kad_post_header":false,"_kad_post_footer":false,"_kad_post_classname":"","footnotes":""},"class_list":["post-29","page","type-page","status-publish","hentry"],"_links":{"self":[{"href":"http:\/\/www.oliosanfilippo.com\/de\/wp-json\/wp\/v2\/pages\/29","targetHints":{"allow":["GET"]}}],"collection":[{"href":"http:\/\/www.oliosanfilippo.com\/de\/wp-json\/wp\/v2\/pages"}],"about":[{"href":"http:\/\/www.oliosanfilippo.com\/de\/wp-json\/wp\/v2\/types\/page"}],"author":[{"embeddable":true,"href":"http:\/\/www.oliosanfilippo.com\/de\/wp-json\/wp\/v2\/users\/26"}],"replies":[{"embeddable":true,"href":"http:\/\/www.oliosanfilippo.com\/de\/wp-json\/wp\/v2\/comments?post=29"}],"version-history":[{"count":7,"href":"http:\/\/www.oliosanfilippo.com\/de\/wp-json\/wp\/v2\/pages\/29\/revisions"}],"predecessor-version":[{"id":21276,"href":"http:\/\/www.oliosanfilippo.com\/de\/wp-json\/wp\/v2\/pages\/29\/revisions\/21276"}],"wp:attachment":[{"href":"http:\/\/www.oliosanfilippo.com\/de\/wp-json\/wp\/v2\/media?parent=29"}],"curies":[{"name":"wp","href":"https:\/\/api.w.org\/{rel}","templated":true}]}}

<div data-elementor-type="wp-page" data-elementor-id="29" class="elementor elementor-29" data-elementor-post-type="page">
						<section data-particle_enable="false" data-particle-mobile-disabled="false" class="elementor-section elementor-top-section elementor-element elementor-element-5dfd1dae elementor-section-boxed elementor-section-height-default elementor-section-height-default" data-id="5dfd1dae" data-element_type="section" data-e-type="section">
						<div class="elementor-container elementor-column-gap-default">
					<div class="elementor-column elementor-col-100 elementor-top-column elementor-element elementor-element-162967d0" data-id="162967d0" data-element_type="column" data-e-type="column">
			<div class="elementor-widget-wrap elementor-element-populated">
						<div class="elementor-element elementor-element-58bfcb4b elementor-widget elementor-widget-text-editor" data-id="58bfcb4b" data-element_type="widget" data-e-type="widget" data-widget_type="text-editor.default">
				<div class="elementor-widget-container">
									
<h1 style="font-size: 50px; text-align: center;">DATENSCHUTZPOLITIK</h1><p style="text-align: justify;"><strong>Objekt</strong>Information über die Verarbeitung Ihrer persönlichen Daten gemäß Artikel 13 des Gesetzesdekrets 196/2003, das den Kodex zum Schutz personenbezogener Daten enthält, und Bitte um Ihre Zustimmung zur Verarbeitung bestimmter Daten.</p>
<p style="text-align: justify;">1. Mit der Gesetzesverordnung 196/2003 wurde das Gesetz zum Schutz personenbezogener Daten eingeführt. In Übereinstimmung mit den Bestimmungen dieses Kodex beruht die Verarbeitung personenbezogener Daten durch unsere Organisation auf den Grundsätzen der Korrektheit, Rechtmäßigkeit und Transparenz sowie auf dem Schutz der Vertraulichkeit und der Rechte der Personen, auf die sich die Daten beziehen.</p>
<p style="text-align: justify;">2. In diesem Zusammenhang stellen wir Ihnen die in Artikel 13 des Gesetzesdekrets 196/2003 vorgesehenen Informationen zur Verfügung und bitten Sie, Ihre Zustimmung zur Verarbeitung der nachstehend aufgeführten personenbezogenen Daten zu folgenden Zwecken zu erteilen: zur Verwaltung Ihrer Informations- und/oder Buchungsanfrage, um Ihnen die entsprechenden Informationen zukommen zu lassen.</p>
<p style="text-align: justify;">3. Die Angabe Ihrer Daten ist für die Erreichung der oben genannten Zwecke obligatorisch; die Nichtangabe Ihrer Daten oder die Angabe unvollständiger oder falscher Daten kann dazu führen, dass wir Ihnen die gewünschten Dienstleistungen nicht erbringen können.</p>
<p style="text-align: justify;">4. Wenn Sie Ihre Zustimmung gegeben haben und bis Sie diese widerrufen, werden Ihre personenbezogenen Daten auch für die folgenden zusätzlichen Zwecke verarbeitet:</p>
<p style="padding-left: 30px; text-align: justify;">a. Durchführung von Studien, statistischen Untersuchungen und Marktforschung;
b. per Post, E-Mail und/oder Telefon Werbung, Informationen und kommerzielles Informationsmaterial zu versenden;
c. direkte und indirekte Verkaufs- und Vermittlungstätigkeiten durchführen
d. Durchführung interaktiver kommerzieller Kommunikation; e. Durchführung von Umfragen zur Kundenzufriedenheit über die Qualität der erbrachten Dienstleistungen (auch durch Dritte).</p>
<p style="text-align: justify;">Sie können Ihre zu diesen Zwecken erteilte Einwilligung jederzeit widerrufen, indem Sie sich an die unter Punkt 10 genannte verantwortliche Person wenden. Die Zustimmung zur Verarbeitung und zu den in diesem Punkt 4 genannten Zwecken ist nicht zwingend erforderlich; wenn Sie sich weigern, werden Ihre Daten nur für die in Punkt 2 genannten Zwecke verarbeitet.</p>
<p style="text-align: justify;">5. Als Kunden oder potenzielle Kunden sind die zu verarbeitenden Daten im Allgemeinen allgemeiner Natur, da sie im Wesentlichen aus Elementen der persönlichen Identifizierung bestehen. Für den Fall, dass Sie in den Feldern, die keine spezifische Angabe vorsehen, Daten angeben, die gemäß Art. 4 Buchstabe d) Gesetzesdekret 196/2003 sensibler Natur und als solche besonders schützenswert sind, informieren wir Sie, dass diese Daten von uns innerhalb der vom Datenschutzgesetz vorgesehenen Grenzen verarbeitet werden. Wir erinnern daran, dass Artikel 4 Buchstabe d) des Gesetzesdekrets 196/2003 "sensible Daten" im Allgemeinen als personenbezogene Daten definiert, "aus denen die rassische oder ethnische Herkunft, religiöse, philosophische oder sonstige Überzeugungen, politische Meinungen, die Zugehörigkeit zu Parteien, Gewerkschaften, Verbänden oder Organisationen mit religiösem, philosophischem, politischem oder gewerkschaftlichem Charakter hervorgehen können, sowie personenbezogene Daten, die Aufschluss über Gesundheit und Sexualleben geben".</p>
<p style="text-align: justify;">6. Die erhobenen Daten werden auf Papier und/oder elektronisch und in jedem Fall gemäß den einschlägigen Vorschriften verarbeitet.</p>
7. Wir weisen darauf hin, dass unsere Organisation die notwendigen organisatorischen, physischen und logischen Maßnahmen ergreift, um die Sicherheit der Daten zu gewährleisten, wobei wir uns insbesondere auf die Bestimmungen des Anhangs B des Präsidialdekrets 196/2003 beziehen. Technische Vorschriften über Mindestsicherheitsmaßnahmen.

8. Neben den Mitarbeitern des Unternehmens kann ein Teil der Verarbeitung Ihrer personenbezogenen Daten auch von Dritten mit Sitz in Italien und/oder im Ausland durchgeführt werden, denen unsere Organisation bestimmte Tätigkeiten (oder einen Teil davon) anvertraut, die für die Erbringung der oben genannten Dienstleistungen erforderlich sind. In diesem Fall fungieren dieselben Personen als eigenständige Inhaber der Datenverarbeitung oder werden als Datenverarbeiter oder Verantwortliche für die Verarbeitung benannt. Die benannten Auftragsverarbeiter und Beauftragten erhalten angemessene Betriebsanweisungen, die insbesondere die Anwendung von Mindestsicherheitsmaßnahmen vorsehen, um die Vertraulichkeit und Sicherheit der Daten gewährleisten zu können. Die oben genannten Dritten gehören im Wesentlichen zu den folgenden Kategorien: Inkassounternehmen, Unternehmen, die Verkehrsdaten für die Rechnungsstellung verarbeiten, Unternehmen, die für den Druck und die Versendung von Rechnungen an Kunden zuständig sind, Beratungsunternehmen, Kreditübertragungsunternehmen, Agenten und Vermittler, Franchisenehmer, Anbieter von technischen Dienstleistungen, Anbieter von Inhalten.

9. Nachstehend geben wir den Auszug aus Artikel 7 des Gesetzesdekrets 196/2003 wieder, um Sie daran zu erinnern, dass Sie uns gegenüber die folgenden Rechte ausüben können:
<p style="text-align: justify; padding-left: 30px;">a. eine Bestätigung über das Vorhandensein der Sie betreffenden personenbezogenen Daten zu erhalten, auch wenn diese noch nicht registriert sind, und deren Mitteilung in verständlicher Form
b. die Herkunft der personenbezogenen Daten sowie die Zwecke und Modalitäten der Verarbeitung zu erfahren
c. einen Hinweis auf die Logik zu erhalten, die bei der mit Hilfe von elektronischen Instrumenten durchgeführten Verarbeitung angewandt wird
d. über die Identität des für die Datenverarbeitung Verantwortlichen und der Datenverarbeiter informiert zu werden
e. Informationen über die Personen oder Kategorien von Personen zu erhalten, denen die personenbezogenen Daten mitgeteilt werden können oder die in ihrer Eigenschaft als benannte Vertreter im Staatsgebiet, als Verantwortliche oder Beauftragte davon Kenntnis erhalten können
f. die Aktualisierung, die Berichtigung oder, falls interessiert, die Ergänzung der Daten zu erwirken
g. die Löschung, Umwandlung in anonyme Form oder Sperrung von Daten zu erwirken, die unter Verletzung des Gesetzes verarbeitet wurden
h. die Löschung, Umwandlung in anonyme Form oder Sperrung von Daten zu erwirken, deren Speicherung im Hinblick auf die Zwecke, für die sie erhoben oder später verarbeitet wurden, nicht erforderlich ist
i. eine Bescheinigung darüber zu erhalten, dass die Aktualisierung, die Berichtigung, die Ergänzung, die Löschung, die Anonymisierung oder die Sperrung der Daten auch in Bezug auf ihren Inhalt denjenigen mitgeteilt wurden, denen die Daten mitgeteilt oder verbreitet wurden, es sei denn, dies erweist sich als unmöglich oder ist mit einem Aufwand verbunden, der in keinem Verhältnis zu dem zu schützenden Recht steht
j. sich aus berechtigten Gründen ganz oder teilweise der Verarbeitung Ihrer personenbezogenen Daten zu widersetzen, auch wenn diese dem Zweck der Erhebung entsprechen
k. der Verarbeitung personenbezogener Daten, die sie betreffen, ganz oder teilweise zu widersprechen, wenn diese Verarbeitung zum Zwecke des Versands von Werbematerial oder des Direktverkaufs, zur Markt- oder Meinungsforschung oder zur Handelsinformation erfolgt.</p>
<p style="text-align: justify;">10. Um diese Rechte auszuüben, wenden Sie sich bitte an den für die Datenverarbeitung Verantwortlichen: <strong>Sanfilippo Daniele</strong> (<strong><em>Frantoio Oleario Di Sanfilippo Daniele</em></strong>), C.da San Pietro, 90030 Castronovo di Sicilia (PA).</p>								</div>
				</div>
					</div>
		</div>
					</div>
		</section>
				</div>

<p>DATENSCHUTZPOLITIK Gegenstand: Information über die Verarbeitung Ihrer persönlichen Daten gemäß Art. 13 des Gesetzesdekrets 196/2003, das den Kodex zum Schutz der persönlichen Daten enthält, und Bitte um Ihre Zustimmung zur Verarbeitung bestimmter Daten. Mit dem Gesetzesdekret 196/2003 wurde der Kodex zum Schutz personenbezogener Daten eingeführt. In Übereinstimmung mit...</p>
