{"id":20316,"date":"2022-10-12T17:51:57","date_gmt":"2022-10-12T15:51:57","guid":{"rendered":"http:\/\/www.oliosanfilippo.com\/?post_type=product&#038;p=20316"},"modified":"2024-10-04T05:32:36","modified_gmt":"2024-10-04T03:32:36","slug":"olio-evo-aromatizzato-limone","status":"publish","type":"product","link":"https:\/\/www.oliosanfilippo.com\/de\/abbonamento\/olio-evo-aromatizzato-limone\/","title":{"rendered":"EVO-\u00d6l mit Zitronengeschmack"},"content":{"rendered":"<div data-elementor-type=\"product-post\" data-elementor-id=\"20316\" class=\"elementor elementor-20316\" data-elementor-post-type=\"product\">\n\t\t\t\t\t\t<section data-particle_enable=\"false\" data-particle-mobile-disabled=\"false\" class=\"elementor-section elementor-top-section elementor-element elementor-element-6dd79288 elementor-section-boxed elementor-section-height-default elementor-section-height-default\" data-id=\"6dd79288\" data-element_type=\"section\" data-e-type=\"section\">\n\t\t\t\t\t\t<div class=\"elementor-container elementor-column-gap-default\">\n\t\t\t\t\t<div class=\"elementor-column elementor-col-100 elementor-top-column elementor-element elementor-element-23b6cb5a\" data-id=\"23b6cb5a\" data-element_type=\"column\" data-e-type=\"column\">\n\t\t\t<div class=\"elementor-widget-wrap elementor-element-populated\">\n\t\t\t\t\t\t<div class=\"elementor-element elementor-element-6972aa1 elementor-widget elementor-widget-text-editor\" data-id=\"6972aa1\" data-element_type=\"widget\" data-e-type=\"widget\" data-widget_type=\"text-editor.default\">\n\t\t\t\t<div class=\"elementor-widget-container\">\n\t\t\t\t\t\t\t\t\t<h2><strong>Natives Oliven\u00f6l extra mit Zitronengeschmack 250 ml<\/strong><\/h2><p><strong><em>Kaltgepresstes Natives Oliven\u00f6l Extra, aromatisiert mit Zitrone<\/em><\/strong><\/p><p>Entdecken Sie unser wertvolles Natives Oliven\u00f6l Extra mit Zitronengeschmack aus Sizilien. Es handelt sich um ein sizilianisches \u00d6l, f\u00fcr das eine der bekanntesten Fr\u00fcchte unserer Region verwendet wird: die Zitrone. Ein vollmundiges EVO-\u00d6l mit einer Farbe von\u00a0<b>intensives Gelb<\/b>\u00a0und zeichnet sich durch besonders ausgepr\u00e4gte aromatische Noten und einen frischen, zitrusartigen Abgang aus.<\/p><p><strong style=\"background-color: transparent; color: var(--global-palette4); font-family: var(--global-body-font-family);\">Tricks in der K\u00fcche:\u00a0<\/strong>Wenn Sie einem Salat, einem Fischgericht oder gegrilltem Fleisch eine besondere Note verleihen wollen, ist Zitronen\u00f6l der Verb\u00fcndete der Zitrusfruchtliebhaber. Mit nur wenigen Tropfen k\u00f6nnen Sie selbst einfachsten Speisen wie Salaten und Rohkost eine geschmackliche Note verleihen.<\/p><p>Das Gew\u00fcrz darf auf Ihrem Tisch nicht fehlen und kann zum Marinieren von Fleisch oder Fisch vor dem Grillen verwendet werden.\u00a0<\/p><p>\u00a0<\/p>\t\t\t\t\t\t\t\t<\/div>\n\t\t\t\t<\/div>\n\t\t\t\t<div class=\"elementor-element elementor-element-7f3b3ad elementor-widget elementor-widget-text-editor\" data-id=\"7f3b3ad\" data-element_type=\"widget\" data-e-type=\"widget\" data-widget_type=\"text-editor.default\">\n\t\t\t\t<div class=\"elementor-widget-container\">\n\t\t\t\t\t\t\t\t\t<p><strong>SPECIFICHE TECNICHE<\/strong><\/p><p><strong>Zutaten:\u00a0<\/strong>Olio extravergine di oliva 100% italiano (98%)<br \/><strong>Aroma<\/strong>\u00a0<strong>naturale<\/strong> di Limone (3%).<br \/><strong>Valori nutrizionali<\/strong>\u00a0per 100Gr: CALORIE: 3,374 KJ\/821 KCAL, GRASSI TOTALI: 94G, DI CUI ACIDI GRASSI SATURI: 14G, CARBOIDRATI 0G, DI CUI ZUCCHERI: 0G; PROTEINE: 0G; SALE: 0G.\u00a0<br \/><strong>Variet\u00e0 di Olive<\/strong>: Nocellara del Belice, Carolea, Cerasuola, 10% Coratina.<br \/><strong>Anno di Produzione<\/strong>: 2024\/2025<br \/><strong>Periodo di raccolta delle olive<\/strong>: OTTOBRE\/NOVEMBRE<br \/><strong>Metodo di estrazione<\/strong>: CICLO CONTINUO A FREDDO<br \/><strong>B\u00fcrgschaft:<\/strong>\u00a0Italienisches Produkt 100% aus kontrollierter Lieferkette<br \/><strong>Verpackung:<\/strong>\u00a0Bottiglia di vetro chiaro 250ml,<\/p>\t\t\t\t\t\t\t\t<\/div>\n\t\t\t\t<\/div>\n\t\t\t\t<div class=\"elementor-element elementor-element-2b024e4 elementor-widget-divider--view-line elementor-widget elementor-widget-divider\" data-id=\"2b024e4\" data-element_type=\"widget\" data-e-type=\"widget\" data-widget_type=\"divider.default\">\n\t\t\t\t<div class=\"elementor-widget-container\">\n\t\t\t\t\t\t\t<div class=\"elementor-divider\">\n\t\t\t<span class=\"elementor-divider-separator\">\n\t\t\t\t\t\t<\/span>\n\t\t<\/div>\n\t\t\t\t\t\t<\/div>\n\t\t\t\t<\/div>\n\t\t\t\t<div class=\"elementor-element elementor-element-30f68db elementor-widget elementor-widget-image\" data-id=\"30f68db\" data-element_type=\"widget\" data-e-type=\"widget\" data-widget_type=\"image.default\">\n\t\t\t\t<div class=\"elementor-widget-container\">\n\t\t\t\t\t\t\t\t\t\t\t\t\t\t\t<img fetchpriority=\"high\" decoding=\"async\" width=\"1024\" height=\"724\" src=\"https:\/\/www.oliosanfilippo.com\/wp-content\/uploads\/2022\/10\/OLI-AROMATIZZATI-3-1024x724.png\" class=\"attachment-large size-large wp-image-22776\" alt=\"\" srcset=\"https:\/\/www.oliosanfilippo.com\/wp-content\/uploads\/2022\/10\/OLI-AROMATIZZATI-3-1024x724.png 1024w, https:\/\/www.oliosanfilippo.com\/wp-content\/uploads\/2022\/10\/OLI-AROMATIZZATI-3-300x212.png 300w, https:\/\/www.oliosanfilippo.com\/wp-content\/uploads\/2022\/10\/OLI-AROMATIZZATI-3-768x543.png 768w, https:\/\/www.oliosanfilippo.com\/wp-content\/uploads\/2022\/10\/OLI-AROMATIZZATI-3-1536x1086.png 1536w, https:\/\/www.oliosanfilippo.com\/wp-content\/uploads\/2022\/10\/OLI-AROMATIZZATI-3-18x12.png 18w, https:\/\/www.oliosanfilippo.com\/wp-content\/uploads\/2022\/10\/OLI-AROMATIZZATI-3-900x636.png 900w, https:\/\/www.oliosanfilippo.com\/wp-content\/uploads\/2022\/10\/OLI-AROMATIZZATI-3-600x424.png 600w, https:\/\/www.oliosanfilippo.com\/wp-content\/uploads\/2022\/10\/OLI-AROMATIZZATI-3.png 2000w\" sizes=\"(max-width: 1024px) 100vw, 1024px\" \/>\t\t\t\t\t\t\t\t\t\t\t\t\t\t\t<\/div>\n\t\t\t\t<\/div>\n\t\t\t\t\t<\/div>\n\t\t<\/div>\n\t\t\t\t\t<\/div>\n\t\t<\/section>\n\t\t\t\t<\/div>","protected":false},"excerpt":{"rendered":"<p>Warum w\u00e4hlen\u00a0<strong>l\u2019olio EVO\u00a0<em>Aromatizzato al\u00a0 Limone<\/em><\/strong>:<br \/>\n\u25fe\u00a0Prodotto da olive Nocellara del Belice e coltivate nel territorio dei Monti Sicani<br \/>\n\u25fe\u00a0Aromi 100% Naturali<br \/>\n\u25fe\u00a0Colore\u00a0<strong>gelb<\/strong><b>\u00a0intensiv<\/b><b>, <\/b>con\u00a0nota agrumata e rinfrescante.<br \/>\n\u25fe\u00a0Campagna olivicola attuale: stagione 2023\/2024<br \/>\n\u25fe \u00c8 perfetto per chi apprezza i sapori freschi e leggeri tipici della dieta mediterranea. Trover\u00e0 nell&#8217;olio al limone un alleato perfetto in cucina<\/p>","protected":false},"featured_media":21780,"comment_status":"closed","ping_status":"closed","template":"","meta":{"_surecart_dashboard_logo_width":"180px","_surecart_dashboard_show_logo":true,"_surecart_dashboard_navigation_orders":true,"_surecart_dashboard_navigation_invoices":true,"_surecart_dashboard_navigation_subscriptions":true,"_surecart_dashboard_navigation_downloads":true,"_surecart_dashboard_navigation_billing":true,"_surecart_dashboard_navigation_account":true,"inline_featured_image":false,"_kad_post_transparent":"default","_kad_post_title":"","_kad_post_layout":"default","_kad_post_sidebar_id":"","_kad_post_content_style":"default","_kad_post_vertical_padding":"default","_kad_post_feature":"","_kad_post_feature_position":"","_kad_post_header":false,"_kad_post_footer":false,"_kad_post_classname":""},"product_brand":[],"product_cat":[40],"product_tag":[43,64,42],"class_list":{"0":"post-20316","1":"product","2":"type-product","3":"status-publish","4":"has-post-thumbnail","6":"product_cat-olio-extravergine-di-oliva","7":"product_tag-fruttato-intenso","8":"product_tag-oli-aromatizzati","9":"product_tag-olio-extravergine-di-oliva","11":"first","12":"instock","13":"featured","14":"shipping-taxable","15":"purchasable","16":"product-type-simple","17":"entry","18":"content-bg","19":"loop-entry"},"_links":{"self":[{"href":"https:\/\/www.oliosanfilippo.com\/de\/wp-json\/wp\/v2\/product\/20316","targetHints":{"allow":["GET"]}}],"collection":[{"href":"https:\/\/www.oliosanfilippo.com\/de\/wp-json\/wp\/v2\/product"}],"about":[{"href":"https:\/\/www.oliosanfilippo.com\/de\/wp-json\/wp\/v2\/types\/product"}],"replies":[{"embeddable":true,"href":"https:\/\/www.oliosanfilippo.com\/de\/wp-json\/wp\/v2\/comments?post=20316"}],"version-history":[{"count":22,"href":"https:\/\/www.oliosanfilippo.com\/de\/wp-json\/wp\/v2\/product\/20316\/revisions"}],"predecessor-version":[{"id":22795,"href":"https:\/\/www.oliosanfilippo.com\/de\/wp-json\/wp\/v2\/product\/20316\/revisions\/22795"}],"wp:featuredmedia":[{"embeddable":true,"href":"https:\/\/www.oliosanfilippo.com\/de\/wp-json\/wp\/v2\/media\/21780"}],"wp:attachment":[{"href":"https:\/\/www.oliosanfilippo.com\/de\/wp-json\/wp\/v2\/media?parent=20316"}],"wp:term":[{"taxonomy":"product_brand","embeddable":true,"href":"https:\/\/www.oliosanfilippo.com\/de\/wp-json\/wp\/v2\/product_brand?post=20316"},{"taxonomy":"product_cat","embeddable":true,"href":"https:\/\/www.oliosanfilippo.com\/de\/wp-json\/wp\/v2\/product_cat?post=20316"},{"taxonomy":"product_tag","embeddable":true,"href":"https:\/\/www.oliosanfilippo.com\/de\/wp-json\/wp\/v2\/product_tag?post=20316"}],"curies":[{"name":"wp","href":"https:\/\/api.w.org\/{rel}","templated":true}]}}

EVO-Öl mit Zitronengeschmack

<div data-elementor-type="product-post" data-elementor-id="20316" class="elementor elementor-20316" data-elementor-post-type="product">
						<section data-particle_enable="false" data-particle-mobile-disabled="false" class="elementor-section elementor-top-section elementor-element elementor-element-6dd79288 elementor-section-boxed elementor-section-height-default elementor-section-height-default" data-id="6dd79288" data-element_type="section" data-e-type="section">
						<div class="elementor-container elementor-column-gap-default">
					<div class="elementor-column elementor-col-100 elementor-top-column elementor-element elementor-element-23b6cb5a" data-id="23b6cb5a" data-element_type="column" data-e-type="column">
			<div class="elementor-widget-wrap elementor-element-populated">
						<div class="elementor-element elementor-element-6972aa1 elementor-widget elementor-widget-text-editor" data-id="6972aa1" data-element_type="widget" data-e-type="widget" data-widget_type="text-editor.default">
				<div class="elementor-widget-container">
									<h2><strong>Natives Olivenöl extra mit Zitronengeschmack 250 ml</strong></h2><p><strong><em>Kaltgepresstes Natives Olivenöl Extra, aromatisiert mit Zitrone</em></strong></p><p>Entdecken Sie unser wertvolles Natives Olivenöl Extra mit Zitronengeschmack aus Sizilien. Es handelt sich um ein sizilianisches Öl, für das eine der bekanntesten Früchte unserer Region verwendet wird: die Zitrone. Ein vollmundiges EVO-Öl mit einer Farbe von <b>intensives Gelb</b> und zeichnet sich durch besonders ausgeprägte aromatische Noten und einen frischen, zitrusartigen Abgang aus.</p><p><strong style="background-color: transparent; color: var(--global-palette4); font-family: var(--global-body-font-family);">Tricks in der Küche: </strong>Wenn Sie einem Salat, einem Fischgericht oder gegrilltem Fleisch eine besondere Note verleihen wollen, ist Zitronenöl der Verbündete der Zitrusfruchtliebhaber. Mit nur wenigen Tropfen können Sie selbst einfachsten Speisen wie Salaten und Rohkost eine geschmackliche Note verleihen.</p><p>Das Gewürz darf auf Ihrem Tisch nicht fehlen und kann zum Marinieren von Fleisch oder Fisch vor dem Grillen verwendet werden. </p><p> </p>								</div>
				</div>
				<div class="elementor-element elementor-element-7f3b3ad elementor-widget elementor-widget-text-editor" data-id="7f3b3ad" data-element_type="widget" data-e-type="widget" data-widget_type="text-editor.default">
				<div class="elementor-widget-container">
									<p><strong>SPECIFICHE TECNICHE</strong></p><p><strong>Zutaten: </strong>Olio extravergine di oliva 100% italiano (98%)<br /><strong>Aroma</strong> <strong>naturale</strong> di Limone (3%).<br /><strong>Valori nutrizionali</strong> per 100Gr: CALORIE: 3,374 KJ/821 KCAL, GRASSI TOTALI: 94G, DI CUI ACIDI GRASSI SATURI: 14G, CARBOIDRATI 0G, DI CUI ZUCCHERI: 0G; PROTEINE: 0G; SALE: 0G. <br /><strong>Varietà di Olive</strong>: Nocellara del Belice, Carolea, Cerasuola, 10% Coratina.<br /><strong>Anno di Produzione</strong>: 2024/2025<br /><strong>Periodo di raccolta delle olive</strong>: OTTOBRE/NOVEMBRE<br /><strong>Metodo di estrazione</strong>: CICLO CONTINUO A FREDDO<br /><strong>Bürgschaft:</strong> Italienisches Produkt 100% aus kontrollierter Lieferkette<br /><strong>Verpackung:</strong> Bottiglia di vetro chiaro 250ml,</p>								</div>
				</div>
				<div class="elementor-element elementor-element-2b024e4 elementor-widget-divider--view-line elementor-widget elementor-widget-divider" data-id="2b024e4" data-element_type="widget" data-e-type="widget" data-widget_type="divider.default">
				<div class="elementor-widget-container">
							<div class="elementor-divider">
			<span class="elementor-divider-separator">
						</span>
		</div>
						</div>
				</div>
				<div class="elementor-element elementor-element-30f68db elementor-widget elementor-widget-image" data-id="30f68db" data-element_type="widget" data-e-type="widget" data-widget_type="image.default">
				<div class="elementor-widget-container">
															<img fetchpriority="high" decoding="async" width="1024" height="724" src="https://www.oliosanfilippo.com/wp-content/uploads/2022/10/OLI-AROMATIZZATI-3-1024x724.png" class="attachment-large size-large wp-image-22776" alt="" srcset="https://www.oliosanfilippo.com/wp-content/uploads/2022/10/OLI-AROMATIZZATI-3-1024x724.png 1024w, https://www.oliosanfilippo.com/wp-content/uploads/2022/10/OLI-AROMATIZZATI-3-300x212.png 300w, https://www.oliosanfilippo.com/wp-content/uploads/2022/10/OLI-AROMATIZZATI-3-768x543.png 768w, https://www.oliosanfilippo.com/wp-content/uploads/2022/10/OLI-AROMATIZZATI-3-1536x1086.png 1536w, https://www.oliosanfilippo.com/wp-content/uploads/2022/10/OLI-AROMATIZZATI-3-18x12.png 18w, https://www.oliosanfilippo.com/wp-content/uploads/2022/10/OLI-AROMATIZZATI-3-900x636.png 900w, https://www.oliosanfilippo.com/wp-content/uploads/2022/10/OLI-AROMATIZZATI-3-600x424.png 600w, https://www.oliosanfilippo.com/wp-content/uploads/2022/10/OLI-AROMATIZZATI-3.png 2000w" sizes="(max-width: 1024px) 100vw, 1024px" />															</div>
				</div>
					</div>
		</div>
					</div>
		</section>
				</div>

<p>Warum wählen <strong>l’olio EVO <em>Aromatizzato al  Limone</em></strong>:<br />
◾ Prodotto da olive Nocellara del Belice e coltivate nel territorio dei Monti Sicani<br />
◾ Aromi 100% Naturali<br />
◾ Colore <strong>gelb</strong><b> intensiv</b><b>, </b>con nota agrumata e rinfrescante.<br />
◾ Campagna olivicola attuale: stagione 2023/2024<br />
◾ È perfetto per chi apprezza i sapori freschi e leggeri tipici della dieta mediterranea. Troverà nell&#8217;olio al limone un alleato perfetto in cucina</p>
