{"id":20322,"date":"2022-10-12T18:01:19","date_gmt":"2022-10-12T16:01:19","guid":{"rendered":"http:\/\/www.oliosanfilippo.com\/?post_type=product&#038;p=20322"},"modified":"2024-10-04T05:32:36","modified_gmt":"2024-10-04T03:32:36","slug":"olio-evo-aromatizzato-peperoncino","status":"publish","type":"product","link":"https:\/\/www.oliosanfilippo.com\/de\/abbonamento\/olio-evo-aromatizzato-peperoncino\/","title":{"rendered":"EVO-\u00d6l mit Chiligeschmack"},"content":{"rendered":"<div data-elementor-type=\"product-post\" data-elementor-id=\"20322\" class=\"elementor elementor-20322\" data-elementor-post-type=\"product\">\n\t\t\t\t\t\t<section data-particle_enable=\"false\" data-particle-mobile-disabled=\"false\" class=\"elementor-section elementor-top-section elementor-element elementor-element-2acdd5a7 elementor-section-boxed elementor-section-height-default elementor-section-height-default\" data-id=\"2acdd5a7\" data-element_type=\"section\" data-e-type=\"section\">\n\t\t\t\t\t\t<div class=\"elementor-container elementor-column-gap-default\">\n\t\t\t\t\t<div class=\"elementor-column elementor-col-100 elementor-top-column elementor-element elementor-element-1ec55e25\" data-id=\"1ec55e25\" data-element_type=\"column\" data-e-type=\"column\">\n\t\t\t<div class=\"elementor-widget-wrap elementor-element-populated\">\n\t\t\t\t\t\t<div class=\"elementor-element elementor-element-6d0f830e elementor-widget elementor-widget-text-editor\" data-id=\"6d0f830e\" data-element_type=\"widget\" data-e-type=\"widget\" data-widget_type=\"text-editor.default\">\n\t\t\t\t<div class=\"elementor-widget-container\">\n\t\t\t\t\t\t\t\t\t<h2>\u00d6l<strong> Natives Oliven\u00f6l extra mit Chili aromatisiert 250 ml<\/strong><\/h2><p><strong><em>Kaltgepresstes natives Oliven\u00f6l extra mit Chiligeschmack<\/em><\/strong><\/p><p>Entdecken Sie unser feines Natives Oliven\u00f6l Extra, aromatisiert mit Chili. Es handelt sich um ein sizilianisches \u00d6l, das das Temperament unserer Region widerspiegelt. Ein vollmundiges EVO-\u00d6l mit einer Farbe von\u00a0<b>tiefrot<\/b>\u00a0und zeichnet sich durch besonders ausgepr\u00e4gte aromatische Noten und einen w\u00fcrzigen Abgang aus.<\/p><p>M\u00f6chten Sie einem Salat, einem Nudelgericht oder sogar einer Pizza eine besondere Note verleihen?\u00a0<br \/><span style=\"background-color: transparent; color: var(--global-palette4); font-family: var(--global-body-font-family);\">Chili-\u00d6l ist Ihr Verb\u00fcndeter, wenn Sie ein Liebhaber scharfer Speisen sind. Mit nur wenigen Tropfen k\u00f6nnen Sie selbst den einfachsten Speisen, wie z.B. Pizza, einen Hauch von Geschmack verleihen!<\/span><\/p><p>Es ist das unverzichtbare Gew\u00fcrz auf Ihrem Tisch.<\/p><p><strong>Tricks in der K\u00fcche:<\/strong>\u00a0Verwenden Sie es zum Marinieren von Fleisch oder Fisch vor dem Grillen. Und wenn Sie Ihre Geschmacksnerven auf die Probe stellen wollen, geben Sie einfach einen Spritzer (sparsam!) auf eine Scheibe getoastetes Brot: Sie werden es nicht mehr missen wollen!<\/p><p>\u00a0<\/p>\t\t\t\t\t\t\t\t<\/div>\n\t\t\t\t<\/div>\n\t\t\t\t<div class=\"elementor-element elementor-element-3fe8015 elementor-widget elementor-widget-text-editor\" data-id=\"3fe8015\" data-element_type=\"widget\" data-e-type=\"widget\" data-widget_type=\"text-editor.default\">\n\t\t\t\t<div class=\"elementor-widget-container\">\n\t\t\t\t\t\t\t\t\t<p><strong>SPECIFICHE TECNICHE<\/strong><\/p><p><strong>Zutaten:\u00a0<\/strong>Olio extravergine di oliva 100% italiano (98%)<br \/><strong>Aroma<\/strong>\u00a0<strong>naturale<\/strong> di Peperoncino (3%).<br \/><strong>Valori nutrizionali<\/strong>\u00a0per 100Gr: CALORIE: 3,374 KJ\/821 KCAL, GRASSI TOTALI: 94G, DI CUI ACIDI GRASSI SATURI: 14G, CARBOIDRATI 0G, DI CUI ZUCCHERI: 0G; PROTEINE: 0G; SALE: 0G.\u00a0<br \/><strong>Variet\u00e0 di Olive<\/strong>: Nocellara del Belice, Carolea, Cerasuola, 10% Coratina.<br \/><strong>Anno di Produzione<\/strong>: 2024\/2025<br \/><strong>Periodo di raccolta delle olive<\/strong>: OTTOBRE\/NOVEMBRE<br \/><strong>Metodo di estrazione<\/strong>: CICLO CONTINUO A FREDDO<br \/><strong>B\u00fcrgschaft:<\/strong>\u00a0Italienisches Produkt 100% aus kontrollierter Lieferkette<br \/><strong>Verpackung:<\/strong>\u00a0Bottiglia di vetro chiaro 250ml,<\/p>\t\t\t\t\t\t\t\t<\/div>\n\t\t\t\t<\/div>\n\t\t\t\t<div class=\"elementor-element elementor-element-3abb26f elementor-widget-divider--view-line elementor-widget elementor-widget-divider\" data-id=\"3abb26f\" data-element_type=\"widget\" data-e-type=\"widget\" data-widget_type=\"divider.default\">\n\t\t\t\t<div class=\"elementor-widget-container\">\n\t\t\t\t\t\t\t<div class=\"elementor-divider\">\n\t\t\t<span class=\"elementor-divider-separator\">\n\t\t\t\t\t\t<\/span>\n\t\t<\/div>\n\t\t\t\t\t\t<\/div>\n\t\t\t\t<\/div>\n\t\t\t\t<div class=\"elementor-element elementor-element-5fd90c3 elementor-widget elementor-widget-image\" data-id=\"5fd90c3\" data-element_type=\"widget\" data-e-type=\"widget\" data-widget_type=\"image.default\">\n\t\t\t\t<div class=\"elementor-widget-container\">\n\t\t\t\t\t\t\t\t\t\t\t\t\t\t\t<img fetchpriority=\"high\" decoding=\"async\" width=\"1024\" height=\"724\" src=\"https:\/\/www.oliosanfilippo.com\/wp-content\/uploads\/2024\/09\/OLI-AROMATIZZATI-1-1024x724.png\" class=\"attachment-large size-large wp-image-22766\" alt=\"\" srcset=\"https:\/\/www.oliosanfilippo.com\/wp-content\/uploads\/2024\/09\/OLI-AROMATIZZATI-1-1024x724.png 1024w, https:\/\/www.oliosanfilippo.com\/wp-content\/uploads\/2024\/09\/OLI-AROMATIZZATI-1-300x212.png 300w, https:\/\/www.oliosanfilippo.com\/wp-content\/uploads\/2024\/09\/OLI-AROMATIZZATI-1-768x543.png 768w, https:\/\/www.oliosanfilippo.com\/wp-content\/uploads\/2024\/09\/OLI-AROMATIZZATI-1-1536x1086.png 1536w, https:\/\/www.oliosanfilippo.com\/wp-content\/uploads\/2024\/09\/OLI-AROMATIZZATI-1-18x12.png 18w, https:\/\/www.oliosanfilippo.com\/wp-content\/uploads\/2024\/09\/OLI-AROMATIZZATI-1-900x636.png 900w, https:\/\/www.oliosanfilippo.com\/wp-content\/uploads\/2024\/09\/OLI-AROMATIZZATI-1-600x424.png 600w, https:\/\/www.oliosanfilippo.com\/wp-content\/uploads\/2024\/09\/OLI-AROMATIZZATI-1.png 2000w\" sizes=\"(max-width: 1024px) 100vw, 1024px\" \/>\t\t\t\t\t\t\t\t\t\t\t\t\t\t\t<\/div>\n\t\t\t\t<\/div>\n\t\t\t\t\t<\/div>\n\t\t<\/div>\n\t\t\t\t\t<\/div>\n\t\t<\/section>\n\t\t\t\t<\/div>","protected":false},"excerpt":{"rendered":"<p>Warum w\u00e4hlen\u00a0<strong>l\u2019olio EVO <em>Aromatizzato al\u00a0 Peperoncino<\/em><\/strong>:<br \/>\n\u25fe Prodotto da olive Nocellara del Belice e coltivate nel territorio dei Monti Sicani<br \/>\n\u25fe Aromi 100% Naturali<br \/>\n\u25fe Colore\u00a0<b>rosso intenso:<\/b> rispecchia la tempra della nostra regione<br \/>\n\u25fe\u00a0Campagna olivicola attuale: stagione 2023\/2024<br \/>\n\u25fe Consigliato se desideri arricchire le tue ricette con un tocco piccante e vivaci<\/p>","protected":false},"featured_media":21781,"comment_status":"closed","ping_status":"closed","template":"","meta":{"_surecart_dashboard_logo_width":"180px","_surecart_dashboard_show_logo":true,"_surecart_dashboard_navigation_orders":true,"_surecart_dashboard_navigation_invoices":true,"_surecart_dashboard_navigation_subscriptions":true,"_surecart_dashboard_navigation_downloads":true,"_surecart_dashboard_navigation_billing":true,"_surecart_dashboard_navigation_account":true,"inline_featured_image":false,"_kad_post_transparent":"default","_kad_post_title":"","_kad_post_layout":"default","_kad_post_sidebar_id":"","_kad_post_content_style":"default","_kad_post_vertical_padding":"default","_kad_post_feature":"","_kad_post_feature_position":"","_kad_post_header":false,"_kad_post_footer":false,"_kad_post_classname":""},"product_brand":[],"product_cat":[40],"product_tag":[43,64,42],"class_list":{"0":"post-20322","1":"product","2":"type-product","3":"status-publish","4":"has-post-thumbnail","6":"product_cat-olio-extravergine-di-oliva","7":"product_tag-fruttato-intenso","8":"product_tag-oli-aromatizzati","9":"product_tag-olio-extravergine-di-oliva","11":"first","12":"instock","13":"featured","14":"shipping-taxable","15":"purchasable","16":"product-type-simple","17":"entry","18":"content-bg","19":"loop-entry"},"_links":{"self":[{"href":"https:\/\/www.oliosanfilippo.com\/de\/wp-json\/wp\/v2\/product\/20322","targetHints":{"allow":["GET"]}}],"collection":[{"href":"https:\/\/www.oliosanfilippo.com\/de\/wp-json\/wp\/v2\/product"}],"about":[{"href":"https:\/\/www.oliosanfilippo.com\/de\/wp-json\/wp\/v2\/types\/product"}],"replies":[{"embeddable":true,"href":"https:\/\/www.oliosanfilippo.com\/de\/wp-json\/wp\/v2\/comments?post=20322"}],"version-history":[{"count":31,"href":"https:\/\/www.oliosanfilippo.com\/de\/wp-json\/wp\/v2\/product\/20322\/revisions"}],"predecessor-version":[{"id":22797,"href":"https:\/\/www.oliosanfilippo.com\/de\/wp-json\/wp\/v2\/product\/20322\/revisions\/22797"}],"wp:featuredmedia":[{"embeddable":true,"href":"https:\/\/www.oliosanfilippo.com\/de\/wp-json\/wp\/v2\/media\/21781"}],"wp:attachment":[{"href":"https:\/\/www.oliosanfilippo.com\/de\/wp-json\/wp\/v2\/media?parent=20322"}],"wp:term":[{"taxonomy":"product_brand","embeddable":true,"href":"https:\/\/www.oliosanfilippo.com\/de\/wp-json\/wp\/v2\/product_brand?post=20322"},{"taxonomy":"product_cat","embeddable":true,"href":"https:\/\/www.oliosanfilippo.com\/de\/wp-json\/wp\/v2\/product_cat?post=20322"},{"taxonomy":"product_tag","embeddable":true,"href":"https:\/\/www.oliosanfilippo.com\/de\/wp-json\/wp\/v2\/product_tag?post=20322"}],"curies":[{"name":"wp","href":"https:\/\/api.w.org\/{rel}","templated":true}]}}

EVO-Öl mit Chiligeschmack

<div data-elementor-type="product-post" data-elementor-id="20322" class="elementor elementor-20322" data-elementor-post-type="product">
						<section data-particle_enable="false" data-particle-mobile-disabled="false" class="elementor-section elementor-top-section elementor-element elementor-element-2acdd5a7 elementor-section-boxed elementor-section-height-default elementor-section-height-default" data-id="2acdd5a7" data-element_type="section" data-e-type="section">
						<div class="elementor-container elementor-column-gap-default">
					<div class="elementor-column elementor-col-100 elementor-top-column elementor-element elementor-element-1ec55e25" data-id="1ec55e25" data-element_type="column" data-e-type="column">
			<div class="elementor-widget-wrap elementor-element-populated">
						<div class="elementor-element elementor-element-6d0f830e elementor-widget elementor-widget-text-editor" data-id="6d0f830e" data-element_type="widget" data-e-type="widget" data-widget_type="text-editor.default">
				<div class="elementor-widget-container">
									<h2>Öl<strong> Natives Olivenöl extra mit Chili aromatisiert 250 ml</strong></h2><p><strong><em>Kaltgepresstes natives Olivenöl extra mit Chiligeschmack</em></strong></p><p>Entdecken Sie unser feines Natives Olivenöl Extra, aromatisiert mit Chili. Es handelt sich um ein sizilianisches Öl, das das Temperament unserer Region widerspiegelt. Ein vollmundiges EVO-Öl mit einer Farbe von <b>tiefrot</b> und zeichnet sich durch besonders ausgeprägte aromatische Noten und einen würzigen Abgang aus.</p><p>Möchten Sie einem Salat, einem Nudelgericht oder sogar einer Pizza eine besondere Note verleihen? <br /><span style="background-color: transparent; color: var(--global-palette4); font-family: var(--global-body-font-family);">Chili-Öl ist Ihr Verbündeter, wenn Sie ein Liebhaber scharfer Speisen sind. Mit nur wenigen Tropfen können Sie selbst den einfachsten Speisen, wie z.B. Pizza, einen Hauch von Geschmack verleihen!</span></p><p>Es ist das unverzichtbare Gewürz auf Ihrem Tisch.</p><p><strong>Tricks in der Küche:</strong> Verwenden Sie es zum Marinieren von Fleisch oder Fisch vor dem Grillen. Und wenn Sie Ihre Geschmacksnerven auf die Probe stellen wollen, geben Sie einfach einen Spritzer (sparsam!) auf eine Scheibe getoastetes Brot: Sie werden es nicht mehr missen wollen!</p><p> </p>								</div>
				</div>
				<div class="elementor-element elementor-element-3fe8015 elementor-widget elementor-widget-text-editor" data-id="3fe8015" data-element_type="widget" data-e-type="widget" data-widget_type="text-editor.default">
				<div class="elementor-widget-container">
									<p><strong>SPECIFICHE TECNICHE</strong></p><p><strong>Zutaten: </strong>Olio extravergine di oliva 100% italiano (98%)<br /><strong>Aroma</strong> <strong>naturale</strong> di Peperoncino (3%).<br /><strong>Valori nutrizionali</strong> per 100Gr: CALORIE: 3,374 KJ/821 KCAL, GRASSI TOTALI: 94G, DI CUI ACIDI GRASSI SATURI: 14G, CARBOIDRATI 0G, DI CUI ZUCCHERI: 0G; PROTEINE: 0G; SALE: 0G. <br /><strong>Varietà di Olive</strong>: Nocellara del Belice, Carolea, Cerasuola, 10% Coratina.<br /><strong>Anno di Produzione</strong>: 2024/2025<br /><strong>Periodo di raccolta delle olive</strong>: OTTOBRE/NOVEMBRE<br /><strong>Metodo di estrazione</strong>: CICLO CONTINUO A FREDDO<br /><strong>Bürgschaft:</strong> Italienisches Produkt 100% aus kontrollierter Lieferkette<br /><strong>Verpackung:</strong> Bottiglia di vetro chiaro 250ml,</p>								</div>
				</div>
				<div class="elementor-element elementor-element-3abb26f elementor-widget-divider--view-line elementor-widget elementor-widget-divider" data-id="3abb26f" data-element_type="widget" data-e-type="widget" data-widget_type="divider.default">
				<div class="elementor-widget-container">
							<div class="elementor-divider">
			<span class="elementor-divider-separator">
						</span>
		</div>
						</div>
				</div>
				<div class="elementor-element elementor-element-5fd90c3 elementor-widget elementor-widget-image" data-id="5fd90c3" data-element_type="widget" data-e-type="widget" data-widget_type="image.default">
				<div class="elementor-widget-container">
															<img fetchpriority="high" decoding="async" width="1024" height="724" src="https://www.oliosanfilippo.com/wp-content/uploads/2024/09/OLI-AROMATIZZATI-1-1024x724.png" class="attachment-large size-large wp-image-22766" alt="" srcset="https://www.oliosanfilippo.com/wp-content/uploads/2024/09/OLI-AROMATIZZATI-1-1024x724.png 1024w, https://www.oliosanfilippo.com/wp-content/uploads/2024/09/OLI-AROMATIZZATI-1-300x212.png 300w, https://www.oliosanfilippo.com/wp-content/uploads/2024/09/OLI-AROMATIZZATI-1-768x543.png 768w, https://www.oliosanfilippo.com/wp-content/uploads/2024/09/OLI-AROMATIZZATI-1-1536x1086.png 1536w, https://www.oliosanfilippo.com/wp-content/uploads/2024/09/OLI-AROMATIZZATI-1-18x12.png 18w, https://www.oliosanfilippo.com/wp-content/uploads/2024/09/OLI-AROMATIZZATI-1-900x636.png 900w, https://www.oliosanfilippo.com/wp-content/uploads/2024/09/OLI-AROMATIZZATI-1-600x424.png 600w, https://www.oliosanfilippo.com/wp-content/uploads/2024/09/OLI-AROMATIZZATI-1.png 2000w" sizes="(max-width: 1024px) 100vw, 1024px" />															</div>
				</div>
					</div>
		</div>
					</div>
		</section>
				</div>

<p>Warum wählen <strong>l’olio EVO <em>Aromatizzato al  Peperoncino</em></strong>:<br />
◾ Prodotto da olive Nocellara del Belice e coltivate nel territorio dei Monti Sicani<br />
◾ Aromi 100% Naturali<br />
◾ Colore <b>rosso intenso:</b> rispecchia la tempra della nostra regione<br />
◾ Campagna olivicola attuale: stagione 2023/2024<br />
◾ Consigliato se desideri arricchire le tue ricette con un tocco piccante e vivaci</p>
