{"id":20302,"date":"2022-10-12T17:07:53","date_gmt":"2022-10-12T15:07:53","guid":{"rendered":"http:\/\/www.oliosanfilippo.com\/?post_type=product&#038;p=20302"},"modified":"2024-10-04T05:32:36","modified_gmt":"2024-10-04T03:32:36","slug":"olio-evo-aomatizzato-basilico","status":"publish","type":"product","link":"https:\/\/www.oliosanfilippo.com\/es\/abbonamento\/olio-evo-aomatizzato-basilico\/","title":{"rendered":"Aceite EVO con sabor a albahaca"},"content":{"rendered":"<div data-elementor-type=\"product-post\" data-elementor-id=\"20302\" class=\"elementor elementor-20302\" data-elementor-post-type=\"product\">\n\t\t\t\t\t\t<section data-particle_enable=\"false\" data-particle-mobile-disabled=\"false\" class=\"elementor-section elementor-top-section elementor-element elementor-element-6f5f8a0a elementor-section-boxed elementor-section-height-default elementor-section-height-default\" data-id=\"6f5f8a0a\" data-element_type=\"section\" data-e-type=\"section\">\n\t\t\t\t\t\t<div class=\"elementor-container elementor-column-gap-default\">\n\t\t\t\t\t<div class=\"elementor-column elementor-col-100 elementor-top-column elementor-element elementor-element-51736772\" data-id=\"51736772\" data-element_type=\"column\" data-e-type=\"column\">\n\t\t\t<div class=\"elementor-widget-wrap elementor-element-populated\">\n\t\t\t\t\t\t<div class=\"elementor-element elementor-element-064a34a elementor-widget elementor-widget-text-editor\" data-id=\"064a34a\" data-element_type=\"widget\" data-e-type=\"widget\" data-widget_type=\"text-editor.default\">\n\t\t\t\t<div class=\"elementor-widget-container\">\n\t\t\t\t\t\t\t\t\t<h2><strong>Aceite de oliva virgen extra aromatizado con albahaca 250 ml<\/strong><\/h2><p><strong><em>Aceite de oliva virgen extra prensado en fr\u00edo aromatizado con albahaca<\/em><\/strong><\/p><p>Descubra nuestro fino aceite de oliva virgen extra aromatizado con albahaca siciliana. Se trata de un aceite siciliano que utiliza uno de los ingredientes m\u00e1s preciados de la cultura italiana, la albahaca. Un aceite EVO con cuerpo, tiene un color\u00a0<b>amarillo intenso<\/b>\u00a0y se caracteriza por unas notas arom\u00e1ticas especialmente pronunciadas y un final de albahaca fresca.<\/p><p><strong style=\"background-color: transparent; color: var(--global-palette4); font-family: var(--global-body-font-family);\">Trucos en la cocina:<\/strong><span style=\"background-color: transparent; color: var(--global-palette4); font-family: var(--global-body-font-family);\">\u00a0<\/span>A\u00f1ade un toque extra a tu gran ensalada habitual o a un plato de pescado o carne a la parrilla El aceite de albahaca es el aliado de los amantes de los platos fr\u00edos y frescos. Con unas pocas gotas se puede dar un toque de sabor incluso a los alimentos m\u00e1s sencillos, como las ensaladas y la mozzarella capresi de b\u00fafala.<span style=\"background-color: transparent; color: var(--global-palette4); font-family: var(--global-body-font-family);\">\u00a0<\/span><\/p>\t\t\t\t\t\t\t\t<\/div>\n\t\t\t\t<\/div>\n\t\t\t\t<div class=\"elementor-element elementor-element-b23032c elementor-widget elementor-widget-text-editor\" data-id=\"b23032c\" data-element_type=\"widget\" data-e-type=\"widget\" data-widget_type=\"text-editor.default\">\n\t\t\t\t<div class=\"elementor-widget-container\">\n\t\t\t\t\t\t\t\t\t<p><strong>SPECIFICHE TECNICHE<\/strong><\/p><p><strong>Ingredientes:\u00a0<\/strong>Olio extravergine di oliva 100% italiano (98%)<br \/><strong>Aroma<\/strong>\u00a0<strong>naturale<\/strong> di Basilico (3%).<br \/><strong>Valori nutrizionali<\/strong>\u00a0per 100Gr: CALORIE: 3,374 KJ\/821 KCAL, GRASSI TOTALI: 94G, DI CUI ACIDI GRASSI SATURI: 14G, CARBOIDRATI 0G, DI CUI ZUCCHERI: 0G; PROTEINE: 0G; SALE: 0G.\u00a0<br \/><strong>Variet\u00e0 di Olive<\/strong>: Nocellara del Belice, Carolea, Cerasuola, 10% Coratina.<br \/><strong>Anno di Produzione<\/strong>: 2024\/2025<br \/><strong>Periodo di raccolta delle olive<\/strong>: OTTOBRE\/NOVEMBRE<br \/><strong>Metodo di estrazione<\/strong>: CICLO CONTINUO A FREDDO<br \/><strong>Garant\u00eda:<\/strong>\u00a0Producto italiano 100% de cadena de suministro controlada<br \/><strong>Embalaje:<\/strong>\u00a0Bottiglia di vetro chiaro 250ml,<\/p>\t\t\t\t\t\t\t\t<\/div>\n\t\t\t\t<\/div>\n\t\t\t\t<div class=\"elementor-element elementor-element-38444d8 elementor-widget-divider--view-line elementor-widget elementor-widget-divider\" data-id=\"38444d8\" data-element_type=\"widget\" data-e-type=\"widget\" data-widget_type=\"divider.default\">\n\t\t\t\t<div class=\"elementor-widget-container\">\n\t\t\t\t\t\t\t<div class=\"elementor-divider\">\n\t\t\t<span class=\"elementor-divider-separator\">\n\t\t\t\t\t\t<\/span>\n\t\t<\/div>\n\t\t\t\t\t\t<\/div>\n\t\t\t\t<\/div>\n\t\t\t\t<div class=\"elementor-element elementor-element-8b9cedd elementor-widget elementor-widget-image\" data-id=\"8b9cedd\" data-element_type=\"widget\" data-e-type=\"widget\" data-widget_type=\"image.default\">\n\t\t\t\t<div class=\"elementor-widget-container\">\n\t\t\t\t\t\t\t\t\t\t\t\t\t\t\t<img fetchpriority=\"high\" decoding=\"async\" width=\"1024\" height=\"724\" src=\"https:\/\/www.oliosanfilippo.com\/wp-content\/uploads\/2024\/09\/OLI-AROMATIZZATI-Basilico-1024x724.png\" class=\"attachment-large size-large wp-image-22784\" alt=\"\" srcset=\"https:\/\/www.oliosanfilippo.com\/wp-content\/uploads\/2024\/09\/OLI-AROMATIZZATI-Basilico-1024x724.png 1024w, https:\/\/www.oliosanfilippo.com\/wp-content\/uploads\/2024\/09\/OLI-AROMATIZZATI-Basilico-300x212.png 300w, https:\/\/www.oliosanfilippo.com\/wp-content\/uploads\/2024\/09\/OLI-AROMATIZZATI-Basilico-768x543.png 768w, https:\/\/www.oliosanfilippo.com\/wp-content\/uploads\/2024\/09\/OLI-AROMATIZZATI-Basilico-1536x1086.png 1536w, https:\/\/www.oliosanfilippo.com\/wp-content\/uploads\/2024\/09\/OLI-AROMATIZZATI-Basilico-18x12.png 18w, https:\/\/www.oliosanfilippo.com\/wp-content\/uploads\/2024\/09\/OLI-AROMATIZZATI-Basilico-900x636.png 900w, https:\/\/www.oliosanfilippo.com\/wp-content\/uploads\/2024\/09\/OLI-AROMATIZZATI-Basilico-600x424.png 600w, https:\/\/www.oliosanfilippo.com\/wp-content\/uploads\/2024\/09\/OLI-AROMATIZZATI-Basilico.png 2000w\" sizes=\"(max-width: 1024px) 100vw, 1024px\" \/>\t\t\t\t\t\t\t\t\t\t\t\t\t\t\t<\/div>\n\t\t\t\t<\/div>\n\t\t\t\t\t<\/div>\n\t\t<\/div>\n\t\t\t\t\t<\/div>\n\t\t<\/section>\n\t\t\t\t<\/div>","protected":false},"excerpt":{"rendered":"<p>\u00bfPor qu\u00e9 elegir\u00a0<strong>l\u2019olio EVO\u00a0<em>Aromatizzato al Basilico<\/em><\/strong>:<br \/>\n\u25fe\u00a0Prodotto da olive Nocellara del Belice e coltivate nel territorio dei Monti Sicani<br \/>\n\u25fe\u00a0Aromi 100% Naturali<br \/>\n\u25fe\u00a0Colore\u00a0<strong>amarillo<\/strong><b>, <\/b>dal profumo fresco e aromatico<br \/>\n\u25fe\u00a0Campagna olivicola attuale: stagione 2023\/2024<br \/>\n\u25fe Ideale per chi desidera condire velocemente e senza sforzo, mantenendo un alto standard di gusto e qualit\u00e0.<\/p>","protected":false},"featured_media":21776,"comment_status":"closed","ping_status":"closed","template":"","meta":{"_surecart_dashboard_logo_width":"180px","_surecart_dashboard_show_logo":true,"_surecart_dashboard_navigation_orders":true,"_surecart_dashboard_navigation_invoices":true,"_surecart_dashboard_navigation_subscriptions":true,"_surecart_dashboard_navigation_downloads":true,"_surecart_dashboard_navigation_billing":true,"_surecart_dashboard_navigation_account":true,"inline_featured_image":false,"_kad_post_transparent":"default","_kad_post_title":"","_kad_post_layout":"default","_kad_post_sidebar_id":"","_kad_post_content_style":"default","_kad_post_vertical_padding":"default","_kad_post_feature":"","_kad_post_feature_position":"","_kad_post_header":false,"_kad_post_footer":false,"_kad_post_classname":""},"product_brand":[],"product_cat":[40],"product_tag":[43,64,42],"class_list":{"0":"post-20302","1":"product","2":"type-product","3":"status-publish","4":"has-post-thumbnail","6":"product_cat-olio-extravergine-di-oliva","7":"product_tag-fruttato-intenso","8":"product_tag-oli-aromatizzati","9":"product_tag-olio-extravergine-di-oliva","11":"first","12":"instock","13":"featured","14":"shipping-taxable","15":"purchasable","16":"product-type-simple","17":"entry","18":"content-bg","19":"loop-entry"},"_links":{"self":[{"href":"https:\/\/www.oliosanfilippo.com\/es\/wp-json\/wp\/v2\/product\/20302","targetHints":{"allow":["GET"]}}],"collection":[{"href":"https:\/\/www.oliosanfilippo.com\/es\/wp-json\/wp\/v2\/product"}],"about":[{"href":"https:\/\/www.oliosanfilippo.com\/es\/wp-json\/wp\/v2\/types\/product"}],"replies":[{"embeddable":true,"href":"https:\/\/www.oliosanfilippo.com\/es\/wp-json\/wp\/v2\/comments?post=20302"}],"version-history":[{"count":20,"href":"https:\/\/www.oliosanfilippo.com\/es\/wp-json\/wp\/v2\/product\/20302\/revisions"}],"predecessor-version":[{"id":22794,"href":"https:\/\/www.oliosanfilippo.com\/es\/wp-json\/wp\/v2\/product\/20302\/revisions\/22794"}],"wp:featuredmedia":[{"embeddable":true,"href":"https:\/\/www.oliosanfilippo.com\/es\/wp-json\/wp\/v2\/media\/21776"}],"wp:attachment":[{"href":"https:\/\/www.oliosanfilippo.com\/es\/wp-json\/wp\/v2\/media?parent=20302"}],"wp:term":[{"taxonomy":"product_brand","embeddable":true,"href":"https:\/\/www.oliosanfilippo.com\/es\/wp-json\/wp\/v2\/product_brand?post=20302"},{"taxonomy":"product_cat","embeddable":true,"href":"https:\/\/www.oliosanfilippo.com\/es\/wp-json\/wp\/v2\/product_cat?post=20302"},{"taxonomy":"product_tag","embeddable":true,"href":"https:\/\/www.oliosanfilippo.com\/es\/wp-json\/wp\/v2\/product_tag?post=20302"}],"curies":[{"name":"wp","href":"https:\/\/api.w.org\/{rel}","templated":true}]}}

<div data-elementor-type="product-post" data-elementor-id="20302" class="elementor elementor-20302" data-elementor-post-type="product">
						<section data-particle_enable="false" data-particle-mobile-disabled="false" class="elementor-section elementor-top-section elementor-element elementor-element-6f5f8a0a elementor-section-boxed elementor-section-height-default elementor-section-height-default" data-id="6f5f8a0a" data-element_type="section" data-e-type="section">
						<div class="elementor-container elementor-column-gap-default">
					<div class="elementor-column elementor-col-100 elementor-top-column elementor-element elementor-element-51736772" data-id="51736772" data-element_type="column" data-e-type="column">
			<div class="elementor-widget-wrap elementor-element-populated">
						<div class="elementor-element elementor-element-064a34a elementor-widget elementor-widget-text-editor" data-id="064a34a" data-element_type="widget" data-e-type="widget" data-widget_type="text-editor.default">
				<div class="elementor-widget-container">
									<h2><strong>Aceite de oliva virgen extra aromatizado con albahaca 250 ml</strong></h2><p><strong><em>Aceite de oliva virgen extra prensado en frío aromatizado con albahaca</em></strong></p><p>Descubra nuestro fino aceite de oliva virgen extra aromatizado con albahaca siciliana. Se trata de un aceite siciliano que utiliza uno de los ingredientes más preciados de la cultura italiana, la albahaca. Un aceite EVO con cuerpo, tiene un color <b>amarillo intenso</b> y se caracteriza por unas notas aromáticas especialmente pronunciadas y un final de albahaca fresca.</p><p><strong style="background-color: transparent; color: var(--global-palette4); font-family: var(--global-body-font-family);">Trucos en la cocina:</strong><span style="background-color: transparent; color: var(--global-palette4); font-family: var(--global-body-font-family);"> </span>Añade un toque extra a tu gran ensalada habitual o a un plato de pescado o carne a la parrilla El aceite de albahaca es el aliado de los amantes de los platos fríos y frescos. Con unas pocas gotas se puede dar un toque de sabor incluso a los alimentos más sencillos, como las ensaladas y la mozzarella capresi de búfala.<span style="background-color: transparent; color: var(--global-palette4); font-family: var(--global-body-font-family);"> </span></p>								</div>
				</div>
				<div class="elementor-element elementor-element-b23032c elementor-widget elementor-widget-text-editor" data-id="b23032c" data-element_type="widget" data-e-type="widget" data-widget_type="text-editor.default">
				<div class="elementor-widget-container">
									<p><strong>SPECIFICHE TECNICHE</strong></p><p><strong>Ingredientes: </strong>Olio extravergine di oliva 100% italiano (98%)<br /><strong>Aroma</strong> <strong>naturale</strong> di Basilico (3%).<br /><strong>Valori nutrizionali</strong> per 100Gr: CALORIE: 3,374 KJ/821 KCAL, GRASSI TOTALI: 94G, DI CUI ACIDI GRASSI SATURI: 14G, CARBOIDRATI 0G, DI CUI ZUCCHERI: 0G; PROTEINE: 0G; SALE: 0G. <br /><strong>Varietà di Olive</strong>: Nocellara del Belice, Carolea, Cerasuola, 10% Coratina.<br /><strong>Anno di Produzione</strong>: 2024/2025<br /><strong>Periodo di raccolta delle olive</strong>: OTTOBRE/NOVEMBRE<br /><strong>Metodo di estrazione</strong>: CICLO CONTINUO A FREDDO<br /><strong>Garantía:</strong> Producto italiano 100% de cadena de suministro controlada<br /><strong>Embalaje:</strong> Bottiglia di vetro chiaro 250ml,</p>								</div>
				</div>
				<div class="elementor-element elementor-element-38444d8 elementor-widget-divider--view-line elementor-widget elementor-widget-divider" data-id="38444d8" data-element_type="widget" data-e-type="widget" data-widget_type="divider.default">
				<div class="elementor-widget-container">
							<div class="elementor-divider">
			<span class="elementor-divider-separator">
						</span>
		</div>
						</div>
				</div>
				<div class="elementor-element elementor-element-8b9cedd elementor-widget elementor-widget-image" data-id="8b9cedd" data-element_type="widget" data-e-type="widget" data-widget_type="image.default">
				<div class="elementor-widget-container">
															<img fetchpriority="high" decoding="async" width="1024" height="724" src="https://www.oliosanfilippo.com/wp-content/uploads/2024/09/OLI-AROMATIZZATI-Basilico-1024x724.png" class="attachment-large size-large wp-image-22784" alt="" srcset="https://www.oliosanfilippo.com/wp-content/uploads/2024/09/OLI-AROMATIZZATI-Basilico-1024x724.png 1024w, https://www.oliosanfilippo.com/wp-content/uploads/2024/09/OLI-AROMATIZZATI-Basilico-300x212.png 300w, https://www.oliosanfilippo.com/wp-content/uploads/2024/09/OLI-AROMATIZZATI-Basilico-768x543.png 768w, https://www.oliosanfilippo.com/wp-content/uploads/2024/09/OLI-AROMATIZZATI-Basilico-1536x1086.png 1536w, https://www.oliosanfilippo.com/wp-content/uploads/2024/09/OLI-AROMATIZZATI-Basilico-18x12.png 18w, https://www.oliosanfilippo.com/wp-content/uploads/2024/09/OLI-AROMATIZZATI-Basilico-900x636.png 900w, https://www.oliosanfilippo.com/wp-content/uploads/2024/09/OLI-AROMATIZZATI-Basilico-600x424.png 600w, https://www.oliosanfilippo.com/wp-content/uploads/2024/09/OLI-AROMATIZZATI-Basilico.png 2000w" sizes="(max-width: 1024px) 100vw, 1024px" />															</div>
				</div>
					</div>
		</div>
					</div>
		</section>
				</div>

<p>¿Por qué elegir <strong>l’olio EVO <em>Aromatizzato al Basilico</em></strong>:<br />
◾ Prodotto da olive Nocellara del Belice e coltivate nel territorio dei Monti Sicani<br />
◾ Aromi 100% Naturali<br />
◾ Colore <strong>amarillo</strong><b>, </b>dal profumo fresco e aromatico<br />
◾ Campagna olivicola attuale: stagione 2023/2024<br />
◾ Ideale per chi desidera condire velocemente e senza sforzo, mantenendo un alto standard di gusto e qualità.</p>
