{"id":20320,"date":"2022-10-12T18:00:04","date_gmt":"2022-10-12T16:00:04","guid":{"rendered":"http:\/\/www.oliosanfilippo.com\/?post_type=product&#038;p=20320"},"modified":"2024-10-04T05:32:36","modified_gmt":"2024-10-04T03:32:36","slug":"olio-evo-aromatizzato-rosmarino","status":"publish","type":"product","link":"https:\/\/www.oliosanfilippo.com\/fr\/abbonamento\/olio-evo-aromatizzato-rosmarino\/","title":{"rendered":"Huile EVO aromatis\u00e9e au romarin"},"content":{"rendered":"<div data-elementor-type=\"product-post\" data-elementor-id=\"20320\" class=\"elementor elementor-20320\" data-elementor-post-type=\"product\">\n\t\t\t\t\t\t<section data-particle_enable=\"false\" data-particle-mobile-disabled=\"false\" class=\"elementor-section elementor-top-section elementor-element elementor-element-238d4bb elementor-section-boxed elementor-section-height-default elementor-section-height-default\" data-id=\"238d4bb\" data-element_type=\"section\" data-e-type=\"section\">\n\t\t\t\t\t\t<div class=\"elementor-container elementor-column-gap-default\">\n\t\t\t\t\t<div class=\"elementor-column elementor-col-100 elementor-top-column elementor-element elementor-element-4d061432\" data-id=\"4d061432\" data-element_type=\"column\" data-e-type=\"column\">\n\t\t\t<div class=\"elementor-widget-wrap elementor-element-populated\">\n\t\t\t\t\t\t<div class=\"elementor-element elementor-element-116f133e elementor-widget elementor-widget-text-editor\" data-id=\"116f133e\" data-element_type=\"widget\" data-e-type=\"widget\" data-widget_type=\"text-editor.default\">\n\t\t\t\t<div class=\"elementor-widget-container\">\n\t\t\t\t\t\t\t\t\t<h2><strong>Huile d'olive extra vierge aromatis\u00e9e au romarin 250 ml<\/strong><\/h2><p><strong><em>Huile d'olive extra vierge press\u00e9e \u00e0 froid aromatis\u00e9e au romarin<\/em><\/strong><\/p><p>D\u00e9couvrez notre huile d'olive vierge extra finement parfum\u00e9e au romarin. Il s'agit d'une huile sicilienne qui met en valeur l'une des plantes aromatiques sauvages typiques de notre r\u00e9gion. Une huile EVO cors\u00e9e, elle a une couleur <b>verde\u00a0intenso<\/b>\u00a0et se caract\u00e9rise par des notes aromatiques et une d\u00e9licate finale de romarin.<\/p><p><strong style=\"background-color: transparent; color: var(--global-palette4); font-family: var(--global-body-font-family);\">Des astuces dans la cuisine : <\/strong>Utilisez-le pour ajouter une touche suppl\u00e9mentaire aux salades ou pour assaisonner les produits de boulangerie faits maison comme la focaccia, la bruschetta et la pizza.\u00a0<span style=\"background-color: transparent; color: var(--global-palette4); font-family: var(--global-body-font-family);\">L\u2019olio aromatizzato al rosmarino\u00a0<\/span><span style=\"color: #000000; background-color: transparent; font-family: var(--global-body-font-family);\">sar\u00e0 il tuo alleato nell\u2019insaporire insalate e primi piatti cos\u00ec come piatti di carne e selvaggina.<\/span><\/p><p>Vous ne pouvez pas le manquer sur votre table en tant que condiment ! Utilisez-le pour mariner la viande ou le poisson avant de les griller.<\/p>\t\t\t\t\t\t\t\t<\/div>\n\t\t\t\t<\/div>\n\t\t\t\t<div class=\"elementor-element elementor-element-ab118d0 elementor-widget elementor-widget-text-editor\" data-id=\"ab118d0\" data-element_type=\"widget\" data-e-type=\"widget\" data-widget_type=\"text-editor.default\">\n\t\t\t\t<div class=\"elementor-widget-container\">\n\t\t\t\t\t\t\t\t\t<p><strong>SP\u00c9CIFICATIONS TECHNIQUES<\/strong><\/p><p><strong>Ingr\u00e9dients :\u00a0<\/strong>Huile d'olive extra vierge italienne 100% (98%)<br \/><strong>Ar\u00f4me<\/strong>\u00a0<strong>naturel<\/strong> di Rosmarino (3%).<br \/><strong>Valeurs nutritionnelles<\/strong>\u00a0pour 100g : CALORIES : 3,374 KJ\/821 KCAL, MATIERES GRASSES TOTALES : 94G, DONT ACIDES GRAS SATUR\u00c9S : 14G, CARBOHYDRATES 0G, DONT SUCRES : 0G ; PROT\u00c9INES : 0G ; SEL : 0G.\u00a0<br \/><strong>Vari\u00e9t\u00e9s d'olives<\/strong>Nocellara del Belice, Carolea, Cerasuola, 10% Coratina.<br \/><strong>Ann\u00e9e de production<\/strong>: 2024\/2025<br \/><strong>P\u00e9riode de r\u00e9colte des olives<\/strong>OCTOBRE\/NOVEMBRE<br \/><strong>M\u00e9thode d'extraction<\/strong>CYCLE DE FROID CONTINU<br \/><strong>Garantie :<\/strong>\u00a0Produit italien 100% provenant d'une cha\u00eene d'approvisionnement contr\u00f4l\u00e9e<br \/><strong>Emballage :<\/strong>\u00a0Bouteille en verre transparent 250ml,<\/p>\t\t\t\t\t\t\t\t<\/div>\n\t\t\t\t<\/div>\n\t\t\t\t<div class=\"elementor-element elementor-element-854837a elementor-widget-divider--view-line elementor-widget elementor-widget-divider\" data-id=\"854837a\" data-element_type=\"widget\" data-e-type=\"widget\" data-widget_type=\"divider.default\">\n\t\t\t\t<div class=\"elementor-widget-container\">\n\t\t\t\t\t\t\t<div class=\"elementor-divider\">\n\t\t\t<span class=\"elementor-divider-separator\">\n\t\t\t\t\t\t<\/span>\n\t\t<\/div>\n\t\t\t\t\t\t<\/div>\n\t\t\t\t<\/div>\n\t\t\t\t<div class=\"elementor-element elementor-element-0860bd0 elementor-widget elementor-widget-image\" data-id=\"0860bd0\" data-element_type=\"widget\" data-e-type=\"widget\" data-widget_type=\"image.default\">\n\t\t\t\t<div class=\"elementor-widget-container\">\n\t\t\t\t\t\t\t\t\t\t\t\t\t\t\t<img fetchpriority=\"high\" decoding=\"async\" width=\"1024\" height=\"724\" src=\"https:\/\/www.oliosanfilippo.com\/wp-content\/uploads\/2024\/09\/OLI-AROMATIZZATI-2-1024x724.png\" class=\"attachment-large size-large wp-image-22772\" alt=\"\" srcset=\"https:\/\/www.oliosanfilippo.com\/wp-content\/uploads\/2024\/09\/OLI-AROMATIZZATI-2-1024x724.png 1024w, https:\/\/www.oliosanfilippo.com\/wp-content\/uploads\/2024\/09\/OLI-AROMATIZZATI-2-300x212.png 300w, https:\/\/www.oliosanfilippo.com\/wp-content\/uploads\/2024\/09\/OLI-AROMATIZZATI-2-768x543.png 768w, https:\/\/www.oliosanfilippo.com\/wp-content\/uploads\/2024\/09\/OLI-AROMATIZZATI-2-1536x1086.png 1536w, https:\/\/www.oliosanfilippo.com\/wp-content\/uploads\/2024\/09\/OLI-AROMATIZZATI-2-18x12.png 18w, https:\/\/www.oliosanfilippo.com\/wp-content\/uploads\/2024\/09\/OLI-AROMATIZZATI-2-900x636.png 900w, https:\/\/www.oliosanfilippo.com\/wp-content\/uploads\/2024\/09\/OLI-AROMATIZZATI-2-600x424.png 600w, https:\/\/www.oliosanfilippo.com\/wp-content\/uploads\/2024\/09\/OLI-AROMATIZZATI-2.png 2000w\" sizes=\"(max-width: 1024px) 100vw, 1024px\" \/>\t\t\t\t\t\t\t\t\t\t\t\t\t\t\t<\/div>\n\t\t\t\t<\/div>\n\t\t\t\t\t<\/div>\n\t\t<\/div>\n\t\t\t\t\t<\/div>\n\t\t<\/section>\n\t\t\t\t<\/div>","protected":false},"excerpt":{"rendered":"<p>Pourquoi choisir\u00a0<strong>l\u2019olio EVO <em>Aromatizzato al\u00a0 Rosmarino<\/em><\/strong>:<br \/>\n\u25fe Prodotto da olive Nocellara del Belice e coltivate nel territorio dei Monti Sicani<br \/>\n\u25fe Aromi 100% Naturali<br \/>\n\u25fe Colore <strong>vert<\/strong><b> intenso, <\/b>dal profumo intenso e aromatico<br \/>\n\u25fe\u00a0Campagna olivicola attuale: stagione 2023\/2024<br \/>\n\u25fe Consigliato se desideri introdurre benefici\u00a0antiossidanti nella dieta quotidiana in modo gustoso e naturale.<\/p>","protected":false},"featured_media":21777,"comment_status":"closed","ping_status":"closed","template":"","meta":{"_surecart_dashboard_logo_width":"180px","_surecart_dashboard_show_logo":true,"_surecart_dashboard_navigation_orders":true,"_surecart_dashboard_navigation_invoices":true,"_surecart_dashboard_navigation_subscriptions":true,"_surecart_dashboard_navigation_downloads":true,"_surecart_dashboard_navigation_billing":true,"_surecart_dashboard_navigation_account":true,"inline_featured_image":false,"_kad_post_transparent":"default","_kad_post_title":"","_kad_post_layout":"default","_kad_post_sidebar_id":"","_kad_post_content_style":"default","_kad_post_vertical_padding":"default","_kad_post_feature":"","_kad_post_feature_position":"","_kad_post_header":false,"_kad_post_footer":false,"_kad_post_classname":""},"product_brand":[],"product_cat":[40],"product_tag":[43,64,42],"class_list":{"0":"post-20320","1":"product","2":"type-product","3":"status-publish","4":"has-post-thumbnail","6":"product_cat-olio-extravergine-di-oliva","7":"product_tag-fruttato-intenso","8":"product_tag-oli-aromatizzati","9":"product_tag-olio-extravergine-di-oliva","11":"first","12":"instock","13":"featured","14":"shipping-taxable","15":"purchasable","16":"product-type-simple","17":"entry","18":"content-bg","19":"loop-entry"},"_links":{"self":[{"href":"https:\/\/www.oliosanfilippo.com\/fr\/wp-json\/wp\/v2\/product\/20320","targetHints":{"allow":["GET"]}}],"collection":[{"href":"https:\/\/www.oliosanfilippo.com\/fr\/wp-json\/wp\/v2\/product"}],"about":[{"href":"https:\/\/www.oliosanfilippo.com\/fr\/wp-json\/wp\/v2\/types\/product"}],"replies":[{"embeddable":true,"href":"https:\/\/www.oliosanfilippo.com\/fr\/wp-json\/wp\/v2\/comments?post=20320"}],"version-history":[{"count":38,"href":"https:\/\/www.oliosanfilippo.com\/fr\/wp-json\/wp\/v2\/product\/20320\/revisions"}],"predecessor-version":[{"id":22799,"href":"https:\/\/www.oliosanfilippo.com\/fr\/wp-json\/wp\/v2\/product\/20320\/revisions\/22799"}],"wp:featuredmedia":[{"embeddable":true,"href":"https:\/\/www.oliosanfilippo.com\/fr\/wp-json\/wp\/v2\/media\/21777"}],"wp:attachment":[{"href":"https:\/\/www.oliosanfilippo.com\/fr\/wp-json\/wp\/v2\/media?parent=20320"}],"wp:term":[{"taxonomy":"product_brand","embeddable":true,"href":"https:\/\/www.oliosanfilippo.com\/fr\/wp-json\/wp\/v2\/product_brand?post=20320"},{"taxonomy":"product_cat","embeddable":true,"href":"https:\/\/www.oliosanfilippo.com\/fr\/wp-json\/wp\/v2\/product_cat?post=20320"},{"taxonomy":"product_tag","embeddable":true,"href":"https:\/\/www.oliosanfilippo.com\/fr\/wp-json\/wp\/v2\/product_tag?post=20320"}],"curies":[{"name":"wp","href":"https:\/\/api.w.org\/{rel}","templated":true}]}}

Huile EVO aromatisée au romarin

<div data-elementor-type="product-post" data-elementor-id="20320" class="elementor elementor-20320" data-elementor-post-type="product">
						<section data-particle_enable="false" data-particle-mobile-disabled="false" class="elementor-section elementor-top-section elementor-element elementor-element-238d4bb elementor-section-boxed elementor-section-height-default elementor-section-height-default" data-id="238d4bb" data-element_type="section" data-e-type="section">
						<div class="elementor-container elementor-column-gap-default">
					<div class="elementor-column elementor-col-100 elementor-top-column elementor-element elementor-element-4d061432" data-id="4d061432" data-element_type="column" data-e-type="column">
			<div class="elementor-widget-wrap elementor-element-populated">
						<div class="elementor-element elementor-element-116f133e elementor-widget elementor-widget-text-editor" data-id="116f133e" data-element_type="widget" data-e-type="widget" data-widget_type="text-editor.default">
				<div class="elementor-widget-container">
									<h2><strong>Huile d'olive extra vierge aromatisée au romarin 250 ml</strong></h2><p><strong><em>Huile d'olive extra vierge pressée à froid aromatisée au romarin</em></strong></p><p>Découvrez notre huile d'olive vierge extra finement parfumée au romarin. Il s'agit d'une huile sicilienne qui met en valeur l'une des plantes aromatiques sauvages typiques de notre région. Une huile EVO corsée, elle a une couleur <b>verde intenso</b> et se caractérise par des notes aromatiques et une délicate finale de romarin.</p><p><strong style="background-color: transparent; color: var(--global-palette4); font-family: var(--global-body-font-family);">Des astuces dans la cuisine : </strong>Utilisez-le pour ajouter une touche supplémentaire aux salades ou pour assaisonner les produits de boulangerie faits maison comme la focaccia, la bruschetta et la pizza. <span style="background-color: transparent; color: var(--global-palette4); font-family: var(--global-body-font-family);">L’olio aromatizzato al rosmarino </span><span style="color: #000000; background-color: transparent; font-family: var(--global-body-font-family);">sarà il tuo alleato nell’insaporire insalate e primi piatti così come piatti di carne e selvaggina.</span></p><p>Vous ne pouvez pas le manquer sur votre table en tant que condiment ! Utilisez-le pour mariner la viande ou le poisson avant de les griller.</p>								</div>
				</div>
				<div class="elementor-element elementor-element-ab118d0 elementor-widget elementor-widget-text-editor" data-id="ab118d0" data-element_type="widget" data-e-type="widget" data-widget_type="text-editor.default">
				<div class="elementor-widget-container">
									<p><strong>SPÉCIFICATIONS TECHNIQUES</strong></p><p><strong>Ingrédients : </strong>Huile d'olive extra vierge italienne 100% (98%)<br /><strong>Arôme</strong> <strong>naturel</strong> di Rosmarino (3%).<br /><strong>Valeurs nutritionnelles</strong> pour 100g : CALORIES : 3,374 KJ/821 KCAL, MATIERES GRASSES TOTALES : 94G, DONT ACIDES GRAS SATURÉS : 14G, CARBOHYDRATES 0G, DONT SUCRES : 0G ; PROTÉINES : 0G ; SEL : 0G. <br /><strong>Variétés d'olives</strong>Nocellara del Belice, Carolea, Cerasuola, 10% Coratina.<br /><strong>Année de production</strong>: 2024/2025<br /><strong>Période de récolte des olives</strong>OCTOBRE/NOVEMBRE<br /><strong>Méthode d'extraction</strong>CYCLE DE FROID CONTINU<br /><strong>Garantie :</strong> Produit italien 100% provenant d'une chaîne d'approvisionnement contrôlée<br /><strong>Emballage :</strong> Bouteille en verre transparent 250ml,</p>								</div>
				</div>
				<div class="elementor-element elementor-element-854837a elementor-widget-divider--view-line elementor-widget elementor-widget-divider" data-id="854837a" data-element_type="widget" data-e-type="widget" data-widget_type="divider.default">
				<div class="elementor-widget-container">
							<div class="elementor-divider">
			<span class="elementor-divider-separator">
						</span>
		</div>
						</div>
				</div>
				<div class="elementor-element elementor-element-0860bd0 elementor-widget elementor-widget-image" data-id="0860bd0" data-element_type="widget" data-e-type="widget" data-widget_type="image.default">
				<div class="elementor-widget-container">
															<img fetchpriority="high" decoding="async" width="1024" height="724" src="https://www.oliosanfilippo.com/wp-content/uploads/2024/09/OLI-AROMATIZZATI-2-1024x724.png" class="attachment-large size-large wp-image-22772" alt="" srcset="https://www.oliosanfilippo.com/wp-content/uploads/2024/09/OLI-AROMATIZZATI-2-1024x724.png 1024w, https://www.oliosanfilippo.com/wp-content/uploads/2024/09/OLI-AROMATIZZATI-2-300x212.png 300w, https://www.oliosanfilippo.com/wp-content/uploads/2024/09/OLI-AROMATIZZATI-2-768x543.png 768w, https://www.oliosanfilippo.com/wp-content/uploads/2024/09/OLI-AROMATIZZATI-2-1536x1086.png 1536w, https://www.oliosanfilippo.com/wp-content/uploads/2024/09/OLI-AROMATIZZATI-2-18x12.png 18w, https://www.oliosanfilippo.com/wp-content/uploads/2024/09/OLI-AROMATIZZATI-2-900x636.png 900w, https://www.oliosanfilippo.com/wp-content/uploads/2024/09/OLI-AROMATIZZATI-2-600x424.png 600w, https://www.oliosanfilippo.com/wp-content/uploads/2024/09/OLI-AROMATIZZATI-2.png 2000w" sizes="(max-width: 1024px) 100vw, 1024px" />															</div>
				</div>
					</div>
		</div>
					</div>
		</section>
				</div>
