{"id":20322,"date":"2022-10-12T18:01:19","date_gmt":"2022-10-12T16:01:19","guid":{"rendered":"http:\/\/www.oliosanfilippo.com\/?post_type=product&#038;p=20322"},"modified":"2024-10-04T05:32:36","modified_gmt":"2024-10-04T03:32:36","slug":"olio-evo-aromatizzato-peperoncino","status":"publish","type":"product","link":"https:\/\/www.oliosanfilippo.com\/fr\/abbonamento\/olio-evo-aromatizzato-peperoncino\/","title":{"rendered":"Huile EVO aromatis\u00e9e au piment"},"content":{"rendered":"<div data-elementor-type=\"product-post\" data-elementor-id=\"20322\" class=\"elementor elementor-20322\" data-elementor-post-type=\"product\">\n\t\t\t\t\t\t<section data-particle_enable=\"false\" data-particle-mobile-disabled=\"false\" class=\"elementor-section elementor-top-section elementor-element elementor-element-2acdd5a7 elementor-section-boxed elementor-section-height-default elementor-section-height-default\" data-id=\"2acdd5a7\" data-element_type=\"section\" data-e-type=\"section\">\n\t\t\t\t\t\t<div class=\"elementor-container elementor-column-gap-default\">\n\t\t\t\t\t<div class=\"elementor-column elementor-col-100 elementor-top-column elementor-element elementor-element-1ec55e25\" data-id=\"1ec55e25\" data-element_type=\"column\" data-e-type=\"column\">\n\t\t\t<div class=\"elementor-widget-wrap elementor-element-populated\">\n\t\t\t\t\t\t<div class=\"elementor-element elementor-element-6d0f830e elementor-widget elementor-widget-text-editor\" data-id=\"6d0f830e\" data-element_type=\"widget\" data-e-type=\"widget\" data-widget_type=\"text-editor.default\">\n\t\t\t\t<div class=\"elementor-widget-container\">\n\t\t\t\t\t\t\t\t\t<h2>Huile<strong> huile d'olive extra vierge aromatis\u00e9e au piment 250 ml<\/strong><\/h2><p><strong><em>Huile d'olive extra vierge press\u00e9e \u00e0 froid aromatis\u00e9e au piment<\/em><\/strong><\/p><p>D\u00e9couvrez notre fine huile d'olive vierge extra aromatis\u00e9e au piment. Il s'agit d'une huile sicilienne qui refl\u00e8te le temp\u00e9rament de notre r\u00e9gion. Une huile EVO cors\u00e9e, elle a une couleur\u00a0<b>rouge fonc\u00e9<\/b>\u00a0et se caract\u00e9rise par des notes aromatiques particuli\u00e8rement prononc\u00e9es et une finale \u00e9pic\u00e9e.<\/p><p>Vous voulez ajouter une touche suppl\u00e9mentaire \u00e0 une salade, un plat de p\u00e2tes ou m\u00eame une pizza ?\u00a0<br \/><span style=\"background-color: transparent; color: var(--global-palette4); font-family: var(--global-body-font-family);\">L'huile de piment est votre alli\u00e9e si vous \u00eates un amateur d'\u00e9pices. Avec quelques gouttes seulement, vous pouvez donner une touche de saveur aux aliments les plus simples, comme la pizza !<\/span><\/p><p>C'est le condiment indispensable sur votre table.<\/p><p><strong>Des astuces dans la cuisine :<\/strong>\u00a0Utilisez-le pour mariner la viande ou le poisson avant de les griller. Et si vous voulez mettre vos papilles \u00e0 l'\u00e9preuve, versez un filet (avec parcimonie !) sur une tranche de pain grill\u00e9 : vous ne pourrez plus vous en passer !<\/p><p>\u00a0<\/p>\t\t\t\t\t\t\t\t<\/div>\n\t\t\t\t<\/div>\n\t\t\t\t<div class=\"elementor-element elementor-element-3fe8015 elementor-widget elementor-widget-text-editor\" data-id=\"3fe8015\" data-element_type=\"widget\" data-e-type=\"widget\" data-widget_type=\"text-editor.default\">\n\t\t\t\t<div class=\"elementor-widget-container\">\n\t\t\t\t\t\t\t\t\t<p><strong>SP\u00c9CIFICATIONS TECHNIQUES<\/strong><\/p><p><strong>Ingr\u00e9dients :\u00a0<\/strong>Huile d'olive extra vierge italienne 100% (98%)<br \/><strong>Ar\u00f4me<\/strong>\u00a0<strong>naturel<\/strong> di Peperoncino (3%).<br \/><strong>Valeurs nutritionnelles<\/strong>\u00a0pour 100g : CALORIES : 3,374 KJ\/821 KCAL, MATIERES GRASSES TOTALES : 94G, DONT ACIDES GRAS SATUR\u00c9S : 14G, CARBOHYDRATES 0G, DONT SUCRES : 0G ; PROT\u00c9INES : 0G ; SEL : 0G.\u00a0<br \/><strong>Vari\u00e9t\u00e9s d'olives<\/strong>Nocellara del Belice, Carolea, Cerasuola, 10% Coratina.<br \/><strong>Ann\u00e9e de production<\/strong>: 2024\/2025<br \/><strong>P\u00e9riode de r\u00e9colte des olives<\/strong>OCTOBRE\/NOVEMBRE<br \/><strong>M\u00e9thode d'extraction<\/strong>CYCLE DE FROID CONTINU<br \/><strong>Garantie :<\/strong>\u00a0Produit italien 100% provenant d'une cha\u00eene d'approvisionnement contr\u00f4l\u00e9e<br \/><strong>Emballage :<\/strong>\u00a0Bouteille en verre transparent 250ml,<\/p>\t\t\t\t\t\t\t\t<\/div>\n\t\t\t\t<\/div>\n\t\t\t\t<div class=\"elementor-element elementor-element-3abb26f elementor-widget-divider--view-line elementor-widget elementor-widget-divider\" data-id=\"3abb26f\" data-element_type=\"widget\" data-e-type=\"widget\" data-widget_type=\"divider.default\">\n\t\t\t\t<div class=\"elementor-widget-container\">\n\t\t\t\t\t\t\t<div class=\"elementor-divider\">\n\t\t\t<span class=\"elementor-divider-separator\">\n\t\t\t\t\t\t<\/span>\n\t\t<\/div>\n\t\t\t\t\t\t<\/div>\n\t\t\t\t<\/div>\n\t\t\t\t<div class=\"elementor-element elementor-element-5fd90c3 elementor-widget elementor-widget-image\" data-id=\"5fd90c3\" data-element_type=\"widget\" data-e-type=\"widget\" data-widget_type=\"image.default\">\n\t\t\t\t<div class=\"elementor-widget-container\">\n\t\t\t\t\t\t\t\t\t\t\t\t\t\t\t<img fetchpriority=\"high\" decoding=\"async\" width=\"1024\" height=\"724\" src=\"https:\/\/www.oliosanfilippo.com\/wp-content\/uploads\/2024\/09\/OLI-AROMATIZZATI-1-1024x724.png\" class=\"attachment-large size-large wp-image-22766\" alt=\"\" srcset=\"https:\/\/www.oliosanfilippo.com\/wp-content\/uploads\/2024\/09\/OLI-AROMATIZZATI-1-1024x724.png 1024w, https:\/\/www.oliosanfilippo.com\/wp-content\/uploads\/2024\/09\/OLI-AROMATIZZATI-1-300x212.png 300w, https:\/\/www.oliosanfilippo.com\/wp-content\/uploads\/2024\/09\/OLI-AROMATIZZATI-1-768x543.png 768w, https:\/\/www.oliosanfilippo.com\/wp-content\/uploads\/2024\/09\/OLI-AROMATIZZATI-1-1536x1086.png 1536w, https:\/\/www.oliosanfilippo.com\/wp-content\/uploads\/2024\/09\/OLI-AROMATIZZATI-1-18x12.png 18w, https:\/\/www.oliosanfilippo.com\/wp-content\/uploads\/2024\/09\/OLI-AROMATIZZATI-1-900x636.png 900w, https:\/\/www.oliosanfilippo.com\/wp-content\/uploads\/2024\/09\/OLI-AROMATIZZATI-1-600x424.png 600w, https:\/\/www.oliosanfilippo.com\/wp-content\/uploads\/2024\/09\/OLI-AROMATIZZATI-1.png 2000w\" sizes=\"(max-width: 1024px) 100vw, 1024px\" \/>\t\t\t\t\t\t\t\t\t\t\t\t\t\t\t<\/div>\n\t\t\t\t<\/div>\n\t\t\t\t\t<\/div>\n\t\t<\/div>\n\t\t\t\t\t<\/div>\n\t\t<\/section>\n\t\t\t\t<\/div>","protected":false},"excerpt":{"rendered":"<p>Pourquoi choisir\u00a0<strong>l\u2019olio EVO <em>Aromatizzato al\u00a0 Peperoncino<\/em><\/strong>:<br \/>\n\u25fe Prodotto da olive Nocellara del Belice e coltivate nel territorio dei Monti Sicani<br \/>\n\u25fe Aromi 100% Naturali<br \/>\n\u25fe Colore\u00a0<b>rosso intenso:<\/b> rispecchia la tempra della nostra regione<br \/>\n\u25fe\u00a0Campagna olivicola attuale: stagione 2023\/2024<br \/>\n\u25fe Consigliato se desideri arricchire le tue ricette con un tocco piccante e vivaci<\/p>","protected":false},"featured_media":21781,"comment_status":"closed","ping_status":"closed","template":"","meta":{"_surecart_dashboard_logo_width":"180px","_surecart_dashboard_show_logo":true,"_surecart_dashboard_navigation_orders":true,"_surecart_dashboard_navigation_invoices":true,"_surecart_dashboard_navigation_subscriptions":true,"_surecart_dashboard_navigation_downloads":true,"_surecart_dashboard_navigation_billing":true,"_surecart_dashboard_navigation_account":true,"inline_featured_image":false,"_kad_post_transparent":"default","_kad_post_title":"","_kad_post_layout":"default","_kad_post_sidebar_id":"","_kad_post_content_style":"default","_kad_post_vertical_padding":"default","_kad_post_feature":"","_kad_post_feature_position":"","_kad_post_header":false,"_kad_post_footer":false,"_kad_post_classname":""},"product_brand":[],"product_cat":[40],"product_tag":[43,64,42],"class_list":{"0":"post-20322","1":"product","2":"type-product","3":"status-publish","4":"has-post-thumbnail","6":"product_cat-olio-extravergine-di-oliva","7":"product_tag-fruttato-intenso","8":"product_tag-oli-aromatizzati","9":"product_tag-olio-extravergine-di-oliva","11":"first","12":"instock","13":"featured","14":"shipping-taxable","15":"purchasable","16":"product-type-simple","17":"entry","18":"content-bg","19":"loop-entry"},"_links":{"self":[{"href":"https:\/\/www.oliosanfilippo.com\/fr\/wp-json\/wp\/v2\/product\/20322","targetHints":{"allow":["GET"]}}],"collection":[{"href":"https:\/\/www.oliosanfilippo.com\/fr\/wp-json\/wp\/v2\/product"}],"about":[{"href":"https:\/\/www.oliosanfilippo.com\/fr\/wp-json\/wp\/v2\/types\/product"}],"replies":[{"embeddable":true,"href":"https:\/\/www.oliosanfilippo.com\/fr\/wp-json\/wp\/v2\/comments?post=20322"}],"version-history":[{"count":31,"href":"https:\/\/www.oliosanfilippo.com\/fr\/wp-json\/wp\/v2\/product\/20322\/revisions"}],"predecessor-version":[{"id":22797,"href":"https:\/\/www.oliosanfilippo.com\/fr\/wp-json\/wp\/v2\/product\/20322\/revisions\/22797"}],"wp:featuredmedia":[{"embeddable":true,"href":"https:\/\/www.oliosanfilippo.com\/fr\/wp-json\/wp\/v2\/media\/21781"}],"wp:attachment":[{"href":"https:\/\/www.oliosanfilippo.com\/fr\/wp-json\/wp\/v2\/media?parent=20322"}],"wp:term":[{"taxonomy":"product_brand","embeddable":true,"href":"https:\/\/www.oliosanfilippo.com\/fr\/wp-json\/wp\/v2\/product_brand?post=20322"},{"taxonomy":"product_cat","embeddable":true,"href":"https:\/\/www.oliosanfilippo.com\/fr\/wp-json\/wp\/v2\/product_cat?post=20322"},{"taxonomy":"product_tag","embeddable":true,"href":"https:\/\/www.oliosanfilippo.com\/fr\/wp-json\/wp\/v2\/product_tag?post=20322"}],"curies":[{"name":"wp","href":"https:\/\/api.w.org\/{rel}","templated":true}]}}

Huile EVO aromatisée au piment

<div data-elementor-type="product-post" data-elementor-id="20322" class="elementor elementor-20322" data-elementor-post-type="product">
						<section data-particle_enable="false" data-particle-mobile-disabled="false" class="elementor-section elementor-top-section elementor-element elementor-element-2acdd5a7 elementor-section-boxed elementor-section-height-default elementor-section-height-default" data-id="2acdd5a7" data-element_type="section" data-e-type="section">
						<div class="elementor-container elementor-column-gap-default">
					<div class="elementor-column elementor-col-100 elementor-top-column elementor-element elementor-element-1ec55e25" data-id="1ec55e25" data-element_type="column" data-e-type="column">
			<div class="elementor-widget-wrap elementor-element-populated">
						<div class="elementor-element elementor-element-6d0f830e elementor-widget elementor-widget-text-editor" data-id="6d0f830e" data-element_type="widget" data-e-type="widget" data-widget_type="text-editor.default">
				<div class="elementor-widget-container">
									<h2>Huile<strong> huile d'olive extra vierge aromatisée au piment 250 ml</strong></h2><p><strong><em>Huile d'olive extra vierge pressée à froid aromatisée au piment</em></strong></p><p>Découvrez notre fine huile d'olive vierge extra aromatisée au piment. Il s'agit d'une huile sicilienne qui reflète le tempérament de notre région. Une huile EVO corsée, elle a une couleur <b>rouge foncé</b> et se caractérise par des notes aromatiques particulièrement prononcées et une finale épicée.</p><p>Vous voulez ajouter une touche supplémentaire à une salade, un plat de pâtes ou même une pizza ? <br /><span style="background-color: transparent; color: var(--global-palette4); font-family: var(--global-body-font-family);">L'huile de piment est votre alliée si vous êtes un amateur d'épices. Avec quelques gouttes seulement, vous pouvez donner une touche de saveur aux aliments les plus simples, comme la pizza !</span></p><p>C'est le condiment indispensable sur votre table.</p><p><strong>Des astuces dans la cuisine :</strong> Utilisez-le pour mariner la viande ou le poisson avant de les griller. Et si vous voulez mettre vos papilles à l'épreuve, versez un filet (avec parcimonie !) sur une tranche de pain grillé : vous ne pourrez plus vous en passer !</p><p> </p>								</div>
				</div>
				<div class="elementor-element elementor-element-3fe8015 elementor-widget elementor-widget-text-editor" data-id="3fe8015" data-element_type="widget" data-e-type="widget" data-widget_type="text-editor.default">
				<div class="elementor-widget-container">
									<p><strong>SPÉCIFICATIONS TECHNIQUES</strong></p><p><strong>Ingrédients : </strong>Huile d'olive extra vierge italienne 100% (98%)<br /><strong>Arôme</strong> <strong>naturel</strong> di Peperoncino (3%).<br /><strong>Valeurs nutritionnelles</strong> pour 100g : CALORIES : 3,374 KJ/821 KCAL, MATIERES GRASSES TOTALES : 94G, DONT ACIDES GRAS SATURÉS : 14G, CARBOHYDRATES 0G, DONT SUCRES : 0G ; PROTÉINES : 0G ; SEL : 0G. <br /><strong>Variétés d'olives</strong>Nocellara del Belice, Carolea, Cerasuola, 10% Coratina.<br /><strong>Année de production</strong>: 2024/2025<br /><strong>Période de récolte des olives</strong>OCTOBRE/NOVEMBRE<br /><strong>Méthode d'extraction</strong>CYCLE DE FROID CONTINU<br /><strong>Garantie :</strong> Produit italien 100% provenant d'une chaîne d'approvisionnement contrôlée<br /><strong>Emballage :</strong> Bouteille en verre transparent 250ml,</p>								</div>
				</div>
				<div class="elementor-element elementor-element-3abb26f elementor-widget-divider--view-line elementor-widget elementor-widget-divider" data-id="3abb26f" data-element_type="widget" data-e-type="widget" data-widget_type="divider.default">
				<div class="elementor-widget-container">
							<div class="elementor-divider">
			<span class="elementor-divider-separator">
						</span>
		</div>
						</div>
				</div>
				<div class="elementor-element elementor-element-5fd90c3 elementor-widget elementor-widget-image" data-id="5fd90c3" data-element_type="widget" data-e-type="widget" data-widget_type="image.default">
				<div class="elementor-widget-container">
															<img fetchpriority="high" decoding="async" width="1024" height="724" src="https://www.oliosanfilippo.com/wp-content/uploads/2024/09/OLI-AROMATIZZATI-1-1024x724.png" class="attachment-large size-large wp-image-22766" alt="" srcset="https://www.oliosanfilippo.com/wp-content/uploads/2024/09/OLI-AROMATIZZATI-1-1024x724.png 1024w, https://www.oliosanfilippo.com/wp-content/uploads/2024/09/OLI-AROMATIZZATI-1-300x212.png 300w, https://www.oliosanfilippo.com/wp-content/uploads/2024/09/OLI-AROMATIZZATI-1-768x543.png 768w, https://www.oliosanfilippo.com/wp-content/uploads/2024/09/OLI-AROMATIZZATI-1-1536x1086.png 1536w, https://www.oliosanfilippo.com/wp-content/uploads/2024/09/OLI-AROMATIZZATI-1-18x12.png 18w, https://www.oliosanfilippo.com/wp-content/uploads/2024/09/OLI-AROMATIZZATI-1-900x636.png 900w, https://www.oliosanfilippo.com/wp-content/uploads/2024/09/OLI-AROMATIZZATI-1-600x424.png 600w, https://www.oliosanfilippo.com/wp-content/uploads/2024/09/OLI-AROMATIZZATI-1.png 2000w" sizes="(max-width: 1024px) 100vw, 1024px" />															</div>
				</div>
					</div>
		</div>
					</div>
		</section>
				</div>
